{"id":3793,"date":"2023-07-20T21:11:17","date_gmt":"2023-07-20T21:11:17","guid":{"rendered":"https:\/\/gismodigital.ca\/mariem\/product\/amazon-source-led-lunettes-tech-eclairees-christmas-party-bar-dance-lunettes-acryliques-illuminees\/"},"modified":"2023-07-20T21:11:25","modified_gmt":"2023-07-20T21:11:25","slug":"amazon-source-led-lunettes-tech-eclairees-christmas-party-bar-dance-lunettes-acryliques-illuminees","status":"publish","type":"product","link":"https:\/\/gismodigital.ca\/mariem\/product\/amazon-source-led-lunettes-tech-eclairees-christmas-party-bar-dance-lunettes-acryliques-illuminees\/","title":{"rendered":"Amazon Source LED Lunettes Tech \u00e9clair\u00e9es Christmas Party Bar Dance Lunettes acryliques illumin\u00e9es"},"content":{"rendered":"<p><strong>Cross-border parcel weight: <\/strong>0.25kg<br \/><strong>unit weight: <\/strong>0.25kg<br \/><strong>Product volume: <\/strong>48cm * 44cm * 35cm<br \/><strong>brand: <\/strong>none<br \/><strong>article number: <\/strong>SY-AF08<br \/><strong>material: <\/strong>acrylic<br \/><strong>craft: <\/strong>Semi-manual and semi-mechanical<br \/><strong>Custom processing: <\/strong>Yes<br \/><strong>Product number: <\/strong>SY-AF08<br \/><strong>Types of props: <\/strong>luminous glasses<\/p>\n<p><strong>size: <\/strong>Old full color dual control (color box),old colorful discoloration (color box),old full color single control (opp bag),new full color dual control (color box),new colorful discoloration (color box),new Full color single control (opp bag),new full color charging model,5 button batteries<br \/><strong>Has licensable private label: <\/strong>no<\/p>\n<p><strong>Whether cross-border export of special supply sources: <\/strong>Yes<br \/><strong>Is it a gift: <\/strong>Yes,personal gift<br \/><strong>Applicable gift-giving relationship: <\/strong>juniors,couples,couples,colleagues,friends,elders,children,classmates,teachers<br \/><strong>Applicable to festivals: <\/strong>Christmas,Valentine&#8217;s Day,Spring Festival,New Year&#8217;s Day,Tanabata,Halloween,National Day,Children&#8217;s Day<br \/><strong>Occasions for gifts: <\/strong>wedding,travel commemoration,housewarming,party<br \/><strong>IP authorization: <\/strong>no<\/p>\n<p>\u00a0<\/p>\n<p>Francais<\/p>\n<p><strong>Size:<\/strong> Ancienne double commande en couleur (bo\u00eete de couleur), ancienne d\u00e9coloration color\u00e9e (bo\u00eete de couleur), ancienne commande unique en couleur (sac d&#8217;opp), nouvelle double commande en couleur (bo\u00eete de couleur), nouvelle d\u00e9coloration color\u00e9e (bo\u00eete de couleur), nouvelle couleur unique contr\u00f4le (sac d&#8217;opp), nouveau mod\u00e8le de charge en couleur, piles \u00e0 5 boutons.<\/p>\n<p>\u00a0<\/p>\n<p>\u00a0<strong>cadeau applicable<\/strong>: juniors, couples, couples, coll\u00e8gues, amis, a\u00een\u00e9s, enfants, camarades de classe, enseignants<\/p>\n","protected":false},"excerpt":{"rendered":"<p>Cross-border parcel weight: 0.25kgunit weight: 0.25kgProduct volume: 48cm * 44cm * 35cmbrand: nonearticle number: SY-AF08material: acryliccraft: Semi-manual and semi-mechanicalCustom processing: YesProduct number: SY-AF08Types of props: luminous glasses size: Old full color dual control (color box),old colorful discoloration (color box),old full color single control (opp bag),new full color dual control (color box),new colorful discoloration (color box),new [&hellip;]<\/p>\n","protected":false},"featured_media":3840,"comment_status":"open","ping_status":"closed","template":"","meta":{"om_disable_all_campaigns":false,"_monsterinsights_skip_tracking":false,"_monsterinsights_sitenote_active":false,"_monsterinsights_sitenote_note":"","_monsterinsights_sitenote_category":0},"product_brand":[],"product_cat":[18],"product_tag":[],"class_list":{"0":"post-3793","1":"product","2":"type-product","3":"status-publish","4":"has-post-thumbnail","6":"product_cat-uncategorized","8":"first","9":"instock","10":"taxable","11":"shipping-taxable","12":"purchasable","13":"product-type-variable"},"yoast_head":"<!-- This site is optimized with the Yoast SEO plugin v27.4 - https:\/\/yoast.com\/product\/yoast-seo-wordpress\/ -->\n<title>Amazon Source LED Lunettes Tech \u00e9clair\u00e9es Christmas Party Bar Dance Lunettes acryliques illumin\u00e9es - Marie&amp;M<\/title>\n<meta name=\"robots\" content=\"index, follow, max-snippet:-1, max-image-preview:large, max-video-preview:-1\" \/>\n<link rel=\"canonical\" href=\"https:\/\/gismodigital.ca\/mariem\/product\/amazon-source-led-lunettes-tech-eclairees-christmas-party-bar-dance-lunettes-acryliques-illuminees\/\" \/>\n<meta property=\"og:locale\" content=\"en_US\" \/>\n<meta property=\"og:type\" content=\"article\" \/>\n<meta property=\"og:title\" content=\"Amazon Source LED Lunettes Tech \u00e9clair\u00e9es Christmas Party Bar Dance Lunettes acryliques illumin\u00e9es - Marie&amp;M\" \/>\n<meta property=\"og:description\" content=\"Cross-border parcel weight: 0.25kgunit weight: 0.25kgProduct volume: 48cm * 44cm * 35cmbrand: nonearticle number: SY-AF08material: acryliccraft: Semi-manual and semi-mechanicalCustom processing: YesProduct number: SY-AF08Types of props: luminous glasses size: Old full color dual control (color box),old colorful discoloration (color box),old full color single control (opp bag),new full color dual control (color box),new colorful discoloration (color box),new [&hellip;]\" \/>\n<meta property=\"og:url\" content=\"https:\/\/gismodigital.ca\/mariem\/product\/amazon-source-led-lunettes-tech-eclairees-christmas-party-bar-dance-lunettes-acryliques-illuminees\/\" \/>\n<meta property=\"og:site_name\" content=\"Marie&amp;M\" \/>\n<meta property=\"article:modified_time\" content=\"2023-07-20T21:11:25+00:00\" \/>\n<meta name=\"twitter:card\" content=\"summary_large_image\" \/>\n<meta name=\"twitter:label1\" content=\"Est. reading time\" \/>\n\t<meta name=\"twitter:data1\" content=\"1 minute\" \/>\n<script type=\"application\/ld+json\" class=\"yoast-schema-graph\">{\"@context\":\"https:\\\/\\\/schema.org\",\"@graph\":[{\"@type\":\"WebPage\",\"@id\":\"https:\\\/\\\/gismodigital.ca\\\/mariem\\\/product\\\/amazon-source-led-lunettes-tech-eclairees-christmas-party-bar-dance-lunettes-acryliques-illuminees\\\/\",\"url\":\"https:\\\/\\\/gismodigital.ca\\\/mariem\\\/product\\\/amazon-source-led-lunettes-tech-eclairees-christmas-party-bar-dance-lunettes-acryliques-illuminees\\\/\",\"name\":\"Amazon Source LED Lunettes Tech \u00e9clair\u00e9es Christmas Party Bar Dance Lunettes acryliques illumin\u00e9es - Marie&amp;M\",\"isPartOf\":{\"@id\":\"https:\\\/\\\/gismodigital.ca\\\/mariem\\\/#website\"},\"primaryImageOfPage\":{\"@id\":\"https:\\\/\\\/gismodigital.ca\\\/mariem\\\/product\\\/amazon-source-led-lunettes-tech-eclairees-christmas-party-bar-dance-lunettes-acryliques-illuminees\\\/#primaryimage\"},\"image\":{\"@id\":\"https:\\\/\\\/gismodigital.ca\\\/mariem\\\/product\\\/amazon-source-led-lunettes-tech-eclairees-christmas-party-bar-dance-lunettes-acryliques-illuminees\\\/#primaryimage\"},\"thumbnailUrl\":\"https:\\\/\\\/gismodigital.ca\\\/mariem\\\/wp-content\\\/uploads\\\/2023\\\/07\\\/amazon-source-led-lunettes-tech-eclairees-christmas-party-bar-dance-lunettes-acryliques-illuminees-marie-m-413062.jpg\",\"datePublished\":\"2023-07-20T21:11:17+00:00\",\"dateModified\":\"2023-07-20T21:11:25+00:00\",\"breadcrumb\":{\"@id\":\"https:\\\/\\\/gismodigital.ca\\\/mariem\\\/product\\\/amazon-source-led-lunettes-tech-eclairees-christmas-party-bar-dance-lunettes-acryliques-illuminees\\\/#breadcrumb\"},\"inLanguage\":\"en-US\",\"potentialAction\":[{\"@type\":\"ReadAction\",\"target\":[\"https:\\\/\\\/gismodigital.ca\\\/mariem\\\/product\\\/amazon-source-led-lunettes-tech-eclairees-christmas-party-bar-dance-lunettes-acryliques-illuminees\\\/\"]}]},{\"@type\":\"ImageObject\",\"inLanguage\":\"en-US\",\"@id\":\"https:\\\/\\\/gismodigital.ca\\\/mariem\\\/product\\\/amazon-source-led-lunettes-tech-eclairees-christmas-party-bar-dance-lunettes-acryliques-illuminees\\\/#primaryimage\",\"url\":\"https:\\\/\\\/gismodigital.ca\\\/mariem\\\/wp-content\\\/uploads\\\/2023\\\/07\\\/amazon-source-led-lunettes-tech-eclairees-christmas-party-bar-dance-lunettes-acryliques-illuminees-marie-m-413062.jpg\",\"contentUrl\":\"https:\\\/\\\/gismodigital.ca\\\/mariem\\\/wp-content\\\/uploads\\\/2023\\\/07\\\/amazon-source-led-lunettes-tech-eclairees-christmas-party-bar-dance-lunettes-acryliques-illuminees-marie-m-413062.jpg\",\"width\":750,\"height\":750,\"caption\":\"Amazon Source LED Lunettes Tech \u00e9clair\u00e9es Christmas Party Bar Dance Lunettes acryliques illumin\u00e9es Marie & M\"},{\"@type\":\"BreadcrumbList\",\"@id\":\"https:\\\/\\\/gismodigital.ca\\\/mariem\\\/product\\\/amazon-source-led-lunettes-tech-eclairees-christmas-party-bar-dance-lunettes-acryliques-illuminees\\\/#breadcrumb\",\"itemListElement\":[{\"@type\":\"ListItem\",\"position\":1,\"name\":\"Home\",\"item\":\"https:\\\/\\\/gismodigital.ca\\\/mariem\\\/\"},{\"@type\":\"ListItem\",\"position\":2,\"name\":\"Boutique\",\"item\":\"https:\\\/\\\/gismodigital.ca\\\/mariem\\\/boutique\\\/\"},{\"@type\":\"ListItem\",\"position\":3,\"name\":\"Amazon Source LED Lunettes Tech \u00e9clair\u00e9es Christmas Party Bar Dance Lunettes acryliques illumin\u00e9es\"}]},{\"@type\":\"WebSite\",\"@id\":\"https:\\\/\\\/gismodigital.ca\\\/mariem\\\/#website\",\"url\":\"https:\\\/\\\/gismodigital.ca\\\/mariem\\\/\",\"name\":\"Marie&amp;M\",\"description\":\"Marie&amp;M\",\"potentialAction\":[{\"@type\":\"SearchAction\",\"target\":{\"@type\":\"EntryPoint\",\"urlTemplate\":\"https:\\\/\\\/gismodigital.ca\\\/mariem\\\/?s={search_term_string}\"},\"query-input\":{\"@type\":\"PropertyValueSpecification\",\"valueRequired\":true,\"valueName\":\"search_term_string\"}}],\"inLanguage\":\"en-US\"}]}<\/script>\n<!-- \/ Yoast SEO plugin. -->","yoast_head_json":{"title":"Amazon Source LED Lunettes Tech \u00e9clair\u00e9es Christmas Party Bar Dance Lunettes acryliques illumin\u00e9es - Marie&amp;M","robots":{"index":"index","follow":"follow","max-snippet":"max-snippet:-1","max-image-preview":"max-image-preview:large","max-video-preview":"max-video-preview:-1"},"canonical":"https:\/\/gismodigital.ca\/mariem\/product\/amazon-source-led-lunettes-tech-eclairees-christmas-party-bar-dance-lunettes-acryliques-illuminees\/","og_locale":"en_US","og_type":"article","og_title":"Amazon Source LED Lunettes Tech \u00e9clair\u00e9es Christmas Party Bar Dance Lunettes acryliques illumin\u00e9es - Marie&amp;M","og_description":"Cross-border parcel weight: 0.25kgunit weight: 0.25kgProduct volume: 48cm * 44cm * 35cmbrand: nonearticle number: SY-AF08material: acryliccraft: Semi-manual and semi-mechanicalCustom processing: YesProduct number: SY-AF08Types of props: luminous glasses size: Old full color dual control (color box),old colorful discoloration (color box),old full color single control (opp bag),new full color dual control (color box),new colorful discoloration (color box),new [&hellip;]","og_url":"https:\/\/gismodigital.ca\/mariem\/product\/amazon-source-led-lunettes-tech-eclairees-christmas-party-bar-dance-lunettes-acryliques-illuminees\/","og_site_name":"Marie&amp;M","article_modified_time":"2023-07-20T21:11:25+00:00","twitter_card":"summary_large_image","twitter_misc":{"Est. reading time":"1 minute"},"schema":{"@context":"https:\/\/schema.org","@graph":[{"@type":"WebPage","@id":"https:\/\/gismodigital.ca\/mariem\/product\/amazon-source-led-lunettes-tech-eclairees-christmas-party-bar-dance-lunettes-acryliques-illuminees\/","url":"https:\/\/gismodigital.ca\/mariem\/product\/amazon-source-led-lunettes-tech-eclairees-christmas-party-bar-dance-lunettes-acryliques-illuminees\/","name":"Amazon Source LED Lunettes Tech \u00e9clair\u00e9es Christmas Party Bar Dance Lunettes acryliques illumin\u00e9es - Marie&amp;M","isPartOf":{"@id":"https:\/\/gismodigital.ca\/mariem\/#website"},"primaryImageOfPage":{"@id":"https:\/\/gismodigital.ca\/mariem\/product\/amazon-source-led-lunettes-tech-eclairees-christmas-party-bar-dance-lunettes-acryliques-illuminees\/#primaryimage"},"image":{"@id":"https:\/\/gismodigital.ca\/mariem\/product\/amazon-source-led-lunettes-tech-eclairees-christmas-party-bar-dance-lunettes-acryliques-illuminees\/#primaryimage"},"thumbnailUrl":"https:\/\/gismodigital.ca\/mariem\/wp-content\/uploads\/2023\/07\/amazon-source-led-lunettes-tech-eclairees-christmas-party-bar-dance-lunettes-acryliques-illuminees-marie-m-413062.jpg","datePublished":"2023-07-20T21:11:17+00:00","dateModified":"2023-07-20T21:11:25+00:00","breadcrumb":{"@id":"https:\/\/gismodigital.ca\/mariem\/product\/amazon-source-led-lunettes-tech-eclairees-christmas-party-bar-dance-lunettes-acryliques-illuminees\/#breadcrumb"},"inLanguage":"en-US","potentialAction":[{"@type":"ReadAction","target":["https:\/\/gismodigital.ca\/mariem\/product\/amazon-source-led-lunettes-tech-eclairees-christmas-party-bar-dance-lunettes-acryliques-illuminees\/"]}]},{"@type":"ImageObject","inLanguage":"en-US","@id":"https:\/\/gismodigital.ca\/mariem\/product\/amazon-source-led-lunettes-tech-eclairees-christmas-party-bar-dance-lunettes-acryliques-illuminees\/#primaryimage","url":"https:\/\/gismodigital.ca\/mariem\/wp-content\/uploads\/2023\/07\/amazon-source-led-lunettes-tech-eclairees-christmas-party-bar-dance-lunettes-acryliques-illuminees-marie-m-413062.jpg","contentUrl":"https:\/\/gismodigital.ca\/mariem\/wp-content\/uploads\/2023\/07\/amazon-source-led-lunettes-tech-eclairees-christmas-party-bar-dance-lunettes-acryliques-illuminees-marie-m-413062.jpg","width":750,"height":750,"caption":"Amazon Source LED Lunettes Tech \u00e9clair\u00e9es Christmas Party Bar Dance Lunettes acryliques illumin\u00e9es Marie & M"},{"@type":"BreadcrumbList","@id":"https:\/\/gismodigital.ca\/mariem\/product\/amazon-source-led-lunettes-tech-eclairees-christmas-party-bar-dance-lunettes-acryliques-illuminees\/#breadcrumb","itemListElement":[{"@type":"ListItem","position":1,"name":"Home","item":"https:\/\/gismodigital.ca\/mariem\/"},{"@type":"ListItem","position":2,"name":"Boutique","item":"https:\/\/gismodigital.ca\/mariem\/boutique\/"},{"@type":"ListItem","position":3,"name":"Amazon Source LED Lunettes Tech \u00e9clair\u00e9es Christmas Party Bar Dance Lunettes acryliques illumin\u00e9es"}]},{"@type":"WebSite","@id":"https:\/\/gismodigital.ca\/mariem\/#website","url":"https:\/\/gismodigital.ca\/mariem\/","name":"Marie&amp;M","description":"Marie&amp;M","potentialAction":[{"@type":"SearchAction","target":{"@type":"EntryPoint","urlTemplate":"https:\/\/gismodigital.ca\/mariem\/?s={search_term_string}"},"query-input":{"@type":"PropertyValueSpecification","valueRequired":true,"valueName":"search_term_string"}}],"inLanguage":"en-US"}]}},"jetpack_sharing_enabled":true,"_links":{"self":[{"href":"https:\/\/gismodigital.ca\/mariem\/wp-json\/wp\/v2\/product\/3793","targetHints":{"allow":["GET"]}}],"collection":[{"href":"https:\/\/gismodigital.ca\/mariem\/wp-json\/wp\/v2\/product"}],"about":[{"href":"https:\/\/gismodigital.ca\/mariem\/wp-json\/wp\/v2\/types\/product"}],"replies":[{"embeddable":true,"href":"https:\/\/gismodigital.ca\/mariem\/wp-json\/wp\/v2\/comments?post=3793"}],"wp:featuredmedia":[{"embeddable":true,"href":"https:\/\/gismodigital.ca\/mariem\/wp-json\/wp\/v2\/media\/3840"}],"wp:attachment":[{"href":"https:\/\/gismodigital.ca\/mariem\/wp-json\/wp\/v2\/media?parent=3793"}],"wp:term":[{"taxonomy":"product_brand","embeddable":true,"href":"https:\/\/gismodigital.ca\/mariem\/wp-json\/wp\/v2\/product_brand?post=3793"},{"taxonomy":"product_cat","embeddable":true,"href":"https:\/\/gismodigital.ca\/mariem\/wp-json\/wp\/v2\/product_cat?post=3793"},{"taxonomy":"product_tag","embeddable":true,"href":"https:\/\/gismodigital.ca\/mariem\/wp-json\/wp\/v2\/product_tag?post=3793"}],"curies":[{"name":"wp","href":"https:\/\/api.w.org\/{rel}","templated":true}]}}