{"id":4136,"date":"2023-07-20T21:12:26","date_gmt":"2023-07-20T21:12:26","guid":{"rendered":"https:\/\/gismodigital.ca\/mariem\/product\/fashion-white-embroidered-summer-dress-women-elegant-o-neck-half-sleeve-pullover-dress-ladies-casual-hollow-loose-dresses-4-9\/"},"modified":"2023-07-20T21:12:28","modified_gmt":"2023-07-20T21:12:28","slug":"fashion-white-embroidered-summer-dress-women-elegant-o-neck-half-sleeve-pullover-dress-ladies-casual-hollow-loose-dresses-4-9","status":"publish","type":"product","link":"https:\/\/gismodigital.ca\/mariem\/product\/fashion-white-embroidered-summer-dress-women-elegant-o-neck-half-sleeve-pullover-dress-ladies-casual-hollow-loose-dresses-4-9\/","title":{"rendered":"Fashion White Embroidered Summer Dress Women  Elegant O Neck Half Sleeve Pullover Dress Ladies Casual Hollow Loose Dresses . 4.9****"},"content":{"rendered":"<h1>SPECIFICATIONS<\/h1>\n<p>Mode blanc brod\u00e9 robe d&#8217;\u00e9t\u00e9 femmes \u00e9l\u00e9gant O cou demi manches pull robe dames d\u00e9contract\u00e9 creux robes amples<\/p>\n<p>\u00a0<\/p>\n<p>Style: Sexy &amp; Club<\/p>\n<p>Sleeve Style: Flare Sleeve<\/p>\n<p>Sleeve Length(cm): half<\/p>\n<p>Silhouette: A-LINE<\/p>\n<p>Season: All season<\/p>\n<p>Release Date: Autumn \u00c9t\u00e9<\/p>\n<p>Profile Type: A<\/p>\n<p>Place Of Origin: CM<\/p>\n<p>Pattern Type: Solid<\/p>\n<p>Neckline: O-Neck<\/p>\n<p>Model Number: 32494<\/p>\n<p>Material Composition: Synthetic fiber<\/p>\n<p>Material: Lace<\/p>\n<p>Gender: WOMEN<\/p>\n<p>Fabric Type: Lace<\/p>\n<p>Elasticity: Medium Strecth<\/p>\n<p>Dresses Length: Above Knee, Mini<\/p>\n<p>\u00a0<\/p>\n<p>\u00a0<\/p>\n","protected":false},"excerpt":{"rendered":"<p>SPECIFICATIONS Mode blanc brod\u00e9 robe d&#8217;\u00e9t\u00e9 femmes \u00e9l\u00e9gant O cou demi manches pull robe dames d\u00e9contract\u00e9 creux robes amples \u00a0 Style: Sexy &amp; Club Sleeve Style: Flare Sleeve Sleeve Length(cm): half Silhouette: A-LINE Season: All season Release Date: Autumn \u00c9t\u00e9 Profile Type: A Place Of Origin: CM Pattern Type: Solid Neckline: O-Neck Model Number: 32494 [&hellip;]<\/p>\n","protected":false},"featured_media":5369,"comment_status":"open","ping_status":"closed","template":"","meta":{"om_disable_all_campaigns":false,"_monsterinsights_skip_tracking":false,"_monsterinsights_sitenote_active":false,"_monsterinsights_sitenote_note":"","_monsterinsights_sitenote_category":0},"product_brand":[],"product_cat":[200],"product_tag":[],"class_list":{"0":"post-4136","1":"product","2":"type-product","3":"status-publish","4":"has-post-thumbnail","6":"product_cat-femmes","8":"first","9":"instock","10":"sale","11":"taxable","12":"shipping-taxable","13":"purchasable","14":"product-type-variable"},"yoast_head":"<!-- This site is optimized with the Yoast SEO plugin v27.4 - https:\/\/yoast.com\/product\/yoast-seo-wordpress\/ -->\n<title>Fashion White Embroidered Summer Dress Women Elegant O Neck Half Sleeve Pullover Dress Ladies Casual Hollow Loose Dresses . 4.9**** - Marie&amp;M<\/title>\n<meta name=\"robots\" content=\"index, follow, max-snippet:-1, max-image-preview:large, max-video-preview:-1\" \/>\n<link rel=\"canonical\" href=\"https:\/\/gismodigital.ca\/mariem\/product\/fashion-white-embroidered-summer-dress-women-elegant-o-neck-half-sleeve-pullover-dress-ladies-casual-hollow-loose-dresses-4-9\/\" \/>\n<meta property=\"og:locale\" content=\"en_US\" \/>\n<meta property=\"og:type\" content=\"article\" \/>\n<meta property=\"og:title\" content=\"Fashion White Embroidered Summer Dress Women Elegant O Neck Half Sleeve Pullover Dress Ladies Casual Hollow Loose Dresses . 4.9**** - Marie&amp;M\" \/>\n<meta property=\"og:description\" content=\"SPECIFICATIONS Mode blanc brod\u00e9 robe d&#8217;\u00e9t\u00e9 femmes \u00e9l\u00e9gant O cou demi manches pull robe dames d\u00e9contract\u00e9 creux robes amples \u00a0 Style: Sexy &amp; Club Sleeve Style: Flare Sleeve Sleeve Length(cm): half Silhouette: A-LINE Season: All season Release Date: Autumn \u00c9t\u00e9 Profile Type: A Place Of Origin: CM Pattern Type: Solid Neckline: O-Neck Model Number: 32494 [&hellip;]\" \/>\n<meta property=\"og:url\" content=\"https:\/\/gismodigital.ca\/mariem\/product\/fashion-white-embroidered-summer-dress-women-elegant-o-neck-half-sleeve-pullover-dress-ladies-casual-hollow-loose-dresses-4-9\/\" \/>\n<meta property=\"og:site_name\" content=\"Marie&amp;M\" \/>\n<meta property=\"article:modified_time\" content=\"2023-07-20T21:12:28+00:00\" \/>\n<meta name=\"twitter:card\" content=\"summary_large_image\" \/>\n<script type=\"application\/ld+json\" class=\"yoast-schema-graph\">{\"@context\":\"https:\\\/\\\/schema.org\",\"@graph\":[{\"@type\":\"WebPage\",\"@id\":\"https:\\\/\\\/gismodigital.ca\\\/mariem\\\/product\\\/fashion-white-embroidered-summer-dress-women-elegant-o-neck-half-sleeve-pullover-dress-ladies-casual-hollow-loose-dresses-4-9\\\/\",\"url\":\"https:\\\/\\\/gismodigital.ca\\\/mariem\\\/product\\\/fashion-white-embroidered-summer-dress-women-elegant-o-neck-half-sleeve-pullover-dress-ladies-casual-hollow-loose-dresses-4-9\\\/\",\"name\":\"Fashion White Embroidered Summer Dress Women Elegant O Neck Half Sleeve Pullover Dress Ladies Casual Hollow Loose Dresses . 4.9**** - Marie&amp;M\",\"isPartOf\":{\"@id\":\"https:\\\/\\\/gismodigital.ca\\\/mariem\\\/#website\"},\"primaryImageOfPage\":{\"@id\":\"https:\\\/\\\/gismodigital.ca\\\/mariem\\\/product\\\/fashion-white-embroidered-summer-dress-women-elegant-o-neck-half-sleeve-pullover-dress-ladies-casual-hollow-loose-dresses-4-9\\\/#primaryimage\"},\"image\":{\"@id\":\"https:\\\/\\\/gismodigital.ca\\\/mariem\\\/product\\\/fashion-white-embroidered-summer-dress-women-elegant-o-neck-half-sleeve-pullover-dress-ladies-casual-hollow-loose-dresses-4-9\\\/#primaryimage\"},\"thumbnailUrl\":\"https:\\\/\\\/gismodigital.ca\\\/mariem\\\/wp-content\\\/uploads\\\/2023\\\/07\\\/fashion-white-embroidered-summer-dress-women-elegant-o-neck-half-sleeve-pullover-dress-ladies-casual-hollow-loose-dresses-49-marie-m-01-white-s-197303.jpg\",\"datePublished\":\"2023-07-20T21:12:26+00:00\",\"dateModified\":\"2023-07-20T21:12:28+00:00\",\"breadcrumb\":{\"@id\":\"https:\\\/\\\/gismodigital.ca\\\/mariem\\\/product\\\/fashion-white-embroidered-summer-dress-women-elegant-o-neck-half-sleeve-pullover-dress-ladies-casual-hollow-loose-dresses-4-9\\\/#breadcrumb\"},\"inLanguage\":\"en-US\",\"potentialAction\":[{\"@type\":\"ReadAction\",\"target\":[\"https:\\\/\\\/gismodigital.ca\\\/mariem\\\/product\\\/fashion-white-embroidered-summer-dress-women-elegant-o-neck-half-sleeve-pullover-dress-ladies-casual-hollow-loose-dresses-4-9\\\/\"]}]},{\"@type\":\"ImageObject\",\"inLanguage\":\"en-US\",\"@id\":\"https:\\\/\\\/gismodigital.ca\\\/mariem\\\/product\\\/fashion-white-embroidered-summer-dress-women-elegant-o-neck-half-sleeve-pullover-dress-ladies-casual-hollow-loose-dresses-4-9\\\/#primaryimage\",\"url\":\"https:\\\/\\\/gismodigital.ca\\\/mariem\\\/wp-content\\\/uploads\\\/2023\\\/07\\\/fashion-white-embroidered-summer-dress-women-elegant-o-neck-half-sleeve-pullover-dress-ladies-casual-hollow-loose-dresses-49-marie-m-01-white-s-197303.jpg\",\"contentUrl\":\"https:\\\/\\\/gismodigital.ca\\\/mariem\\\/wp-content\\\/uploads\\\/2023\\\/07\\\/fashion-white-embroidered-summer-dress-women-elegant-o-neck-half-sleeve-pullover-dress-ladies-casual-hollow-loose-dresses-49-marie-m-01-white-s-197303.jpg\",\"width\":800,\"height\":800,\"caption\":\"Fashion White Embroidered Summer Dress Women Elegant O Neck Half Sleeve Pullover Dress Ladies Casual Hollow Loose Dresses . 4.9**** Marie & M 01 White S\"},{\"@type\":\"BreadcrumbList\",\"@id\":\"https:\\\/\\\/gismodigital.ca\\\/mariem\\\/product\\\/fashion-white-embroidered-summer-dress-women-elegant-o-neck-half-sleeve-pullover-dress-ladies-casual-hollow-loose-dresses-4-9\\\/#breadcrumb\",\"itemListElement\":[{\"@type\":\"ListItem\",\"position\":1,\"name\":\"Home\",\"item\":\"https:\\\/\\\/gismodigital.ca\\\/mariem\\\/\"},{\"@type\":\"ListItem\",\"position\":2,\"name\":\"Boutique\",\"item\":\"https:\\\/\\\/gismodigital.ca\\\/mariem\\\/boutique\\\/\"},{\"@type\":\"ListItem\",\"position\":3,\"name\":\"Fashion White Embroidered Summer Dress Women Elegant O Neck Half Sleeve Pullover Dress Ladies Casual Hollow Loose Dresses . 4.9****\"}]},{\"@type\":\"WebSite\",\"@id\":\"https:\\\/\\\/gismodigital.ca\\\/mariem\\\/#website\",\"url\":\"https:\\\/\\\/gismodigital.ca\\\/mariem\\\/\",\"name\":\"Marie&amp;M\",\"description\":\"Marie&amp;M\",\"potentialAction\":[{\"@type\":\"SearchAction\",\"target\":{\"@type\":\"EntryPoint\",\"urlTemplate\":\"https:\\\/\\\/gismodigital.ca\\\/mariem\\\/?s={search_term_string}\"},\"query-input\":{\"@type\":\"PropertyValueSpecification\",\"valueRequired\":true,\"valueName\":\"search_term_string\"}}],\"inLanguage\":\"en-US\"}]}<\/script>\n<!-- \/ Yoast SEO plugin. -->","yoast_head_json":{"title":"Fashion White Embroidered Summer Dress Women Elegant O Neck Half Sleeve Pullover Dress Ladies Casual Hollow Loose Dresses . 4.9**** - Marie&amp;M","robots":{"index":"index","follow":"follow","max-snippet":"max-snippet:-1","max-image-preview":"max-image-preview:large","max-video-preview":"max-video-preview:-1"},"canonical":"https:\/\/gismodigital.ca\/mariem\/product\/fashion-white-embroidered-summer-dress-women-elegant-o-neck-half-sleeve-pullover-dress-ladies-casual-hollow-loose-dresses-4-9\/","og_locale":"en_US","og_type":"article","og_title":"Fashion White Embroidered Summer Dress Women Elegant O Neck Half Sleeve Pullover Dress Ladies Casual Hollow Loose Dresses . 4.9**** - Marie&amp;M","og_description":"SPECIFICATIONS Mode blanc brod\u00e9 robe d&#8217;\u00e9t\u00e9 femmes \u00e9l\u00e9gant O cou demi manches pull robe dames d\u00e9contract\u00e9 creux robes amples \u00a0 Style: Sexy &amp; Club Sleeve Style: Flare Sleeve Sleeve Length(cm): half Silhouette: A-LINE Season: All season Release Date: Autumn \u00c9t\u00e9 Profile Type: A Place Of Origin: CM Pattern Type: Solid Neckline: O-Neck Model Number: 32494 [&hellip;]","og_url":"https:\/\/gismodigital.ca\/mariem\/product\/fashion-white-embroidered-summer-dress-women-elegant-o-neck-half-sleeve-pullover-dress-ladies-casual-hollow-loose-dresses-4-9\/","og_site_name":"Marie&amp;M","article_modified_time":"2023-07-20T21:12:28+00:00","twitter_card":"summary_large_image","schema":{"@context":"https:\/\/schema.org","@graph":[{"@type":"WebPage","@id":"https:\/\/gismodigital.ca\/mariem\/product\/fashion-white-embroidered-summer-dress-women-elegant-o-neck-half-sleeve-pullover-dress-ladies-casual-hollow-loose-dresses-4-9\/","url":"https:\/\/gismodigital.ca\/mariem\/product\/fashion-white-embroidered-summer-dress-women-elegant-o-neck-half-sleeve-pullover-dress-ladies-casual-hollow-loose-dresses-4-9\/","name":"Fashion White Embroidered Summer Dress Women Elegant O Neck Half Sleeve Pullover Dress Ladies Casual Hollow Loose Dresses . 4.9**** - Marie&amp;M","isPartOf":{"@id":"https:\/\/gismodigital.ca\/mariem\/#website"},"primaryImageOfPage":{"@id":"https:\/\/gismodigital.ca\/mariem\/product\/fashion-white-embroidered-summer-dress-women-elegant-o-neck-half-sleeve-pullover-dress-ladies-casual-hollow-loose-dresses-4-9\/#primaryimage"},"image":{"@id":"https:\/\/gismodigital.ca\/mariem\/product\/fashion-white-embroidered-summer-dress-women-elegant-o-neck-half-sleeve-pullover-dress-ladies-casual-hollow-loose-dresses-4-9\/#primaryimage"},"thumbnailUrl":"https:\/\/gismodigital.ca\/mariem\/wp-content\/uploads\/2023\/07\/fashion-white-embroidered-summer-dress-women-elegant-o-neck-half-sleeve-pullover-dress-ladies-casual-hollow-loose-dresses-49-marie-m-01-white-s-197303.jpg","datePublished":"2023-07-20T21:12:26+00:00","dateModified":"2023-07-20T21:12:28+00:00","breadcrumb":{"@id":"https:\/\/gismodigital.ca\/mariem\/product\/fashion-white-embroidered-summer-dress-women-elegant-o-neck-half-sleeve-pullover-dress-ladies-casual-hollow-loose-dresses-4-9\/#breadcrumb"},"inLanguage":"en-US","potentialAction":[{"@type":"ReadAction","target":["https:\/\/gismodigital.ca\/mariem\/product\/fashion-white-embroidered-summer-dress-women-elegant-o-neck-half-sleeve-pullover-dress-ladies-casual-hollow-loose-dresses-4-9\/"]}]},{"@type":"ImageObject","inLanguage":"en-US","@id":"https:\/\/gismodigital.ca\/mariem\/product\/fashion-white-embroidered-summer-dress-women-elegant-o-neck-half-sleeve-pullover-dress-ladies-casual-hollow-loose-dresses-4-9\/#primaryimage","url":"https:\/\/gismodigital.ca\/mariem\/wp-content\/uploads\/2023\/07\/fashion-white-embroidered-summer-dress-women-elegant-o-neck-half-sleeve-pullover-dress-ladies-casual-hollow-loose-dresses-49-marie-m-01-white-s-197303.jpg","contentUrl":"https:\/\/gismodigital.ca\/mariem\/wp-content\/uploads\/2023\/07\/fashion-white-embroidered-summer-dress-women-elegant-o-neck-half-sleeve-pullover-dress-ladies-casual-hollow-loose-dresses-49-marie-m-01-white-s-197303.jpg","width":800,"height":800,"caption":"Fashion White Embroidered Summer Dress Women Elegant O Neck Half Sleeve Pullover Dress Ladies Casual Hollow Loose Dresses . 4.9**** Marie & M 01 White S"},{"@type":"BreadcrumbList","@id":"https:\/\/gismodigital.ca\/mariem\/product\/fashion-white-embroidered-summer-dress-women-elegant-o-neck-half-sleeve-pullover-dress-ladies-casual-hollow-loose-dresses-4-9\/#breadcrumb","itemListElement":[{"@type":"ListItem","position":1,"name":"Home","item":"https:\/\/gismodigital.ca\/mariem\/"},{"@type":"ListItem","position":2,"name":"Boutique","item":"https:\/\/gismodigital.ca\/mariem\/boutique\/"},{"@type":"ListItem","position":3,"name":"Fashion White Embroidered Summer Dress Women Elegant O Neck Half Sleeve Pullover Dress Ladies Casual Hollow Loose Dresses . 4.9****"}]},{"@type":"WebSite","@id":"https:\/\/gismodigital.ca\/mariem\/#website","url":"https:\/\/gismodigital.ca\/mariem\/","name":"Marie&amp;M","description":"Marie&amp;M","potentialAction":[{"@type":"SearchAction","target":{"@type":"EntryPoint","urlTemplate":"https:\/\/gismodigital.ca\/mariem\/?s={search_term_string}"},"query-input":{"@type":"PropertyValueSpecification","valueRequired":true,"valueName":"search_term_string"}}],"inLanguage":"en-US"}]}},"jetpack_sharing_enabled":true,"_links":{"self":[{"href":"https:\/\/gismodigital.ca\/mariem\/wp-json\/wp\/v2\/product\/4136","targetHints":{"allow":["GET"]}}],"collection":[{"href":"https:\/\/gismodigital.ca\/mariem\/wp-json\/wp\/v2\/product"}],"about":[{"href":"https:\/\/gismodigital.ca\/mariem\/wp-json\/wp\/v2\/types\/product"}],"replies":[{"embeddable":true,"href":"https:\/\/gismodigital.ca\/mariem\/wp-json\/wp\/v2\/comments?post=4136"}],"wp:featuredmedia":[{"embeddable":true,"href":"https:\/\/gismodigital.ca\/mariem\/wp-json\/wp\/v2\/media\/5369"}],"wp:attachment":[{"href":"https:\/\/gismodigital.ca\/mariem\/wp-json\/wp\/v2\/media?parent=4136"}],"wp:term":[{"taxonomy":"product_brand","embeddable":true,"href":"https:\/\/gismodigital.ca\/mariem\/wp-json\/wp\/v2\/product_brand?post=4136"},{"taxonomy":"product_cat","embeddable":true,"href":"https:\/\/gismodigital.ca\/mariem\/wp-json\/wp\/v2\/product_cat?post=4136"},{"taxonomy":"product_tag","embeddable":true,"href":"https:\/\/gismodigital.ca\/mariem\/wp-json\/wp\/v2\/product_tag?post=4136"}],"curies":[{"name":"wp","href":"https:\/\/api.w.org\/{rel}","templated":true}]}}