{"id":4676,"date":"2023-07-20T21:14:13","date_gmt":"2023-07-20T21:14:13","guid":{"rendered":"https:\/\/gismodigital.ca\/mariem\/product\/naturel-type-auto-adhesif-faux-cils-peut-etre-repete\/"},"modified":"2023-07-20T21:14:25","modified_gmt":"2023-07-20T21:14:25","slug":"naturel-type-auto-adhesif-faux-cils-peut-etre-repete","status":"publish","type":"product","link":"https:\/\/gismodigital.ca\/mariem\/product\/naturel-type-auto-adhesif-faux-cils-peut-etre-repete\/","title":{"rendered":"Naturel Type Auto-adh\u00e9sif Faux Cils Peut \u00catre R\u00e9p\u00e9t\u00e9"},"content":{"rendered":"<p>\n <b><br \/>\n  Product information:<br \/>\n  <br \/>\n <\/b><br \/>\n Color classification: PVC round box<br \/>\n <br \/>\n Material: chemical fiber material<br \/>\n <br \/>\n Specification: 1 pair<br \/>\n <br \/>\n Stems: Cotton thread stems<br \/>\n <br \/>\n Craft: handmade<\/p>\n<p> <b><br \/>\n  <br \/>\n <\/b>\n<\/p>\n<p>\n <b>Packing list:<\/b><br \/>\n <br \/>\n Eyelashes*1 pair\n<\/p>\n<p>\n <img decoding=\"async\" src=\"https:\/\/cc-west-usa.oss-accelerate.aliyuncs.com\/44f43c00-5685-453b-ac11-98633f0b85d2.jpg\" style=\"max-width:100%;\"><br \/>\n <img decoding=\"async\" src=\"https:\/\/cc-west-usa.oss-accelerate.aliyuncs.com\/248ef8f1-1fff-4ad4-a47c-01fbde7b04f2.jpg\" style=\"max-width: 100%;\"><br \/>\n <img decoding=\"async\" src=\"https:\/\/cc-west-usa.oss-accelerate.aliyuncs.com\/cf70dc43-3e49-4c54-8d8d-5a2d467962f3.jpg\" style=\"max-width: 100%;\"><br \/>\n <img decoding=\"async\" src=\"https:\/\/cc-west-usa.oss-accelerate.aliyuncs.com\/2834dd69-a554-48e3-957f-9035fe91e7b6.jpg\" style=\"max-width: 100%;\"><br \/>\n <img decoding=\"async\" src=\"https:\/\/cc-west-usa.oss-accelerate.aliyuncs.com\/3ba17069-58ad-4aa9-b3a4-aa8cd92e05ac.jpg\" style=\"max-width: 100%;\"><br \/>\n <img decoding=\"async\" src=\"https:\/\/cc-west-usa.oss-accelerate.aliyuncs.com\/8be7fd40-cc75-4918-b140-b5d55a20f6c5.jpg\" style=\"max-width: 100%;\"><br \/>\n <img decoding=\"async\" src=\"https:\/\/cc-west-usa.oss-accelerate.aliyuncs.com\/5ae1347c-1f94-4183-b17f-7cbf4c76f21f.jpg\" style=\"max-width: 100%;\"><br \/>\n <\/p>\n","protected":false},"excerpt":{"rendered":"<p>Product information: Color classification: PVC round box Material: chemical fiber material Specification: 1 pair Stems: Cotton thread stems Craft: handmade Packing list: Eyelashes*1 pair<\/p>\n","protected":false},"featured_media":5698,"comment_status":"open","ping_status":"closed","template":"","meta":{"om_disable_all_campaigns":false,"_monsterinsights_skip_tracking":false,"_monsterinsights_sitenote_active":false,"_monsterinsights_sitenote_note":"","_monsterinsights_sitenote_category":0},"product_brand":[],"product_cat":[18],"product_tag":[],"class_list":{"0":"post-4676","1":"product","2":"type-product","3":"status-publish","4":"has-post-thumbnail","6":"product_cat-uncategorized","8":"first","9":"instock","10":"taxable","11":"shipping-taxable","12":"purchasable","13":"product-type-variable"},"yoast_head":"<!-- This site is optimized with the Yoast SEO plugin v27.4 - https:\/\/yoast.com\/product\/yoast-seo-wordpress\/ -->\n<title>Naturel Type Auto-adh\u00e9sif Faux Cils Peut \u00catre R\u00e9p\u00e9t\u00e9 - Marie&amp;M<\/title>\n<meta name=\"robots\" content=\"index, follow, max-snippet:-1, max-image-preview:large, max-video-preview:-1\" \/>\n<link rel=\"canonical\" href=\"https:\/\/gismodigital.ca\/mariem\/product\/naturel-type-auto-adhesif-faux-cils-peut-etre-repete\/\" \/>\n<meta property=\"og:locale\" content=\"en_US\" \/>\n<meta property=\"og:type\" content=\"article\" \/>\n<meta property=\"og:title\" content=\"Naturel Type Auto-adh\u00e9sif Faux Cils Peut \u00catre R\u00e9p\u00e9t\u00e9 - Marie&amp;M\" \/>\n<meta property=\"og:description\" content=\"Product information: Color classification: PVC round box Material: chemical fiber material Specification: 1 pair Stems: Cotton thread stems Craft: handmade Packing list: Eyelashes*1 pair\" \/>\n<meta property=\"og:url\" content=\"https:\/\/gismodigital.ca\/mariem\/product\/naturel-type-auto-adhesif-faux-cils-peut-etre-repete\/\" \/>\n<meta property=\"og:site_name\" content=\"Marie&amp;M\" \/>\n<meta property=\"article:modified_time\" content=\"2023-07-20T21:14:25+00:00\" \/>\n<meta property=\"og:image\" content=\"https:\/\/cc-west-usa.oss-accelerate.aliyuncs.com\/44f43c00-5685-453b-ac11-98633f0b85d2.jpg\" \/>\n<meta name=\"twitter:card\" content=\"summary_large_image\" \/>\n<script type=\"application\/ld+json\" class=\"yoast-schema-graph\">{\"@context\":\"https:\\\/\\\/schema.org\",\"@graph\":[{\"@type\":\"WebPage\",\"@id\":\"https:\\\/\\\/gismodigital.ca\\\/mariem\\\/product\\\/naturel-type-auto-adhesif-faux-cils-peut-etre-repete\\\/\",\"url\":\"https:\\\/\\\/gismodigital.ca\\\/mariem\\\/product\\\/naturel-type-auto-adhesif-faux-cils-peut-etre-repete\\\/\",\"name\":\"Naturel Type Auto-adh\u00e9sif Faux Cils Peut \u00catre R\u00e9p\u00e9t\u00e9 - Marie&amp;M\",\"isPartOf\":{\"@id\":\"https:\\\/\\\/gismodigital.ca\\\/mariem\\\/#website\"},\"primaryImageOfPage\":{\"@id\":\"https:\\\/\\\/gismodigital.ca\\\/mariem\\\/product\\\/naturel-type-auto-adhesif-faux-cils-peut-etre-repete\\\/#primaryimage\"},\"image\":{\"@id\":\"https:\\\/\\\/gismodigital.ca\\\/mariem\\\/product\\\/naturel-type-auto-adhesif-faux-cils-peut-etre-repete\\\/#primaryimage\"},\"thumbnailUrl\":\"https:\\\/\\\/gismodigital.ca\\\/mariem\\\/wp-content\\\/uploads\\\/2023\\\/07\\\/a1ec1132-b6f8-4670-aaad-9175c56832f1.jpg\",\"datePublished\":\"2023-07-20T21:14:13+00:00\",\"dateModified\":\"2023-07-20T21:14:25+00:00\",\"breadcrumb\":{\"@id\":\"https:\\\/\\\/gismodigital.ca\\\/mariem\\\/product\\\/naturel-type-auto-adhesif-faux-cils-peut-etre-repete\\\/#breadcrumb\"},\"inLanguage\":\"en-US\",\"potentialAction\":[{\"@type\":\"ReadAction\",\"target\":[\"https:\\\/\\\/gismodigital.ca\\\/mariem\\\/product\\\/naturel-type-auto-adhesif-faux-cils-peut-etre-repete\\\/\"]}]},{\"@type\":\"ImageObject\",\"inLanguage\":\"en-US\",\"@id\":\"https:\\\/\\\/gismodigital.ca\\\/mariem\\\/product\\\/naturel-type-auto-adhesif-faux-cils-peut-etre-repete\\\/#primaryimage\",\"url\":\"https:\\\/\\\/gismodigital.ca\\\/mariem\\\/wp-content\\\/uploads\\\/2023\\\/07\\\/a1ec1132-b6f8-4670-aaad-9175c56832f1.jpg\",\"contentUrl\":\"https:\\\/\\\/gismodigital.ca\\\/mariem\\\/wp-content\\\/uploads\\\/2023\\\/07\\\/a1ec1132-b6f8-4670-aaad-9175c56832f1.jpg\",\"width\":1919,\"height\":1919},{\"@type\":\"BreadcrumbList\",\"@id\":\"https:\\\/\\\/gismodigital.ca\\\/mariem\\\/product\\\/naturel-type-auto-adhesif-faux-cils-peut-etre-repete\\\/#breadcrumb\",\"itemListElement\":[{\"@type\":\"ListItem\",\"position\":1,\"name\":\"Home\",\"item\":\"https:\\\/\\\/gismodigital.ca\\\/mariem\\\/\"},{\"@type\":\"ListItem\",\"position\":2,\"name\":\"Boutique\",\"item\":\"https:\\\/\\\/gismodigital.ca\\\/mariem\\\/boutique\\\/\"},{\"@type\":\"ListItem\",\"position\":3,\"name\":\"Naturel Type Auto-adh\u00e9sif Faux Cils Peut \u00catre R\u00e9p\u00e9t\u00e9\"}]},{\"@type\":\"WebSite\",\"@id\":\"https:\\\/\\\/gismodigital.ca\\\/mariem\\\/#website\",\"url\":\"https:\\\/\\\/gismodigital.ca\\\/mariem\\\/\",\"name\":\"Marie&amp;M\",\"description\":\"Marie&amp;M\",\"potentialAction\":[{\"@type\":\"SearchAction\",\"target\":{\"@type\":\"EntryPoint\",\"urlTemplate\":\"https:\\\/\\\/gismodigital.ca\\\/mariem\\\/?s={search_term_string}\"},\"query-input\":{\"@type\":\"PropertyValueSpecification\",\"valueRequired\":true,\"valueName\":\"search_term_string\"}}],\"inLanguage\":\"en-US\"}]}<\/script>\n<!-- \/ Yoast SEO plugin. -->","yoast_head_json":{"title":"Naturel Type Auto-adh\u00e9sif Faux Cils Peut \u00catre R\u00e9p\u00e9t\u00e9 - Marie&amp;M","robots":{"index":"index","follow":"follow","max-snippet":"max-snippet:-1","max-image-preview":"max-image-preview:large","max-video-preview":"max-video-preview:-1"},"canonical":"https:\/\/gismodigital.ca\/mariem\/product\/naturel-type-auto-adhesif-faux-cils-peut-etre-repete\/","og_locale":"en_US","og_type":"article","og_title":"Naturel Type Auto-adh\u00e9sif Faux Cils Peut \u00catre R\u00e9p\u00e9t\u00e9 - Marie&amp;M","og_description":"Product information: Color classification: PVC round box Material: chemical fiber material Specification: 1 pair Stems: Cotton thread stems Craft: handmade Packing list: Eyelashes*1 pair","og_url":"https:\/\/gismodigital.ca\/mariem\/product\/naturel-type-auto-adhesif-faux-cils-peut-etre-repete\/","og_site_name":"Marie&amp;M","article_modified_time":"2023-07-20T21:14:25+00:00","og_image":[{"url":"https:\/\/cc-west-usa.oss-accelerate.aliyuncs.com\/44f43c00-5685-453b-ac11-98633f0b85d2.jpg","type":"","width":"","height":""}],"twitter_card":"summary_large_image","schema":{"@context":"https:\/\/schema.org","@graph":[{"@type":"WebPage","@id":"https:\/\/gismodigital.ca\/mariem\/product\/naturel-type-auto-adhesif-faux-cils-peut-etre-repete\/","url":"https:\/\/gismodigital.ca\/mariem\/product\/naturel-type-auto-adhesif-faux-cils-peut-etre-repete\/","name":"Naturel Type Auto-adh\u00e9sif Faux Cils Peut \u00catre R\u00e9p\u00e9t\u00e9 - Marie&amp;M","isPartOf":{"@id":"https:\/\/gismodigital.ca\/mariem\/#website"},"primaryImageOfPage":{"@id":"https:\/\/gismodigital.ca\/mariem\/product\/naturel-type-auto-adhesif-faux-cils-peut-etre-repete\/#primaryimage"},"image":{"@id":"https:\/\/gismodigital.ca\/mariem\/product\/naturel-type-auto-adhesif-faux-cils-peut-etre-repete\/#primaryimage"},"thumbnailUrl":"https:\/\/gismodigital.ca\/mariem\/wp-content\/uploads\/2023\/07\/a1ec1132-b6f8-4670-aaad-9175c56832f1.jpg","datePublished":"2023-07-20T21:14:13+00:00","dateModified":"2023-07-20T21:14:25+00:00","breadcrumb":{"@id":"https:\/\/gismodigital.ca\/mariem\/product\/naturel-type-auto-adhesif-faux-cils-peut-etre-repete\/#breadcrumb"},"inLanguage":"en-US","potentialAction":[{"@type":"ReadAction","target":["https:\/\/gismodigital.ca\/mariem\/product\/naturel-type-auto-adhesif-faux-cils-peut-etre-repete\/"]}]},{"@type":"ImageObject","inLanguage":"en-US","@id":"https:\/\/gismodigital.ca\/mariem\/product\/naturel-type-auto-adhesif-faux-cils-peut-etre-repete\/#primaryimage","url":"https:\/\/gismodigital.ca\/mariem\/wp-content\/uploads\/2023\/07\/a1ec1132-b6f8-4670-aaad-9175c56832f1.jpg","contentUrl":"https:\/\/gismodigital.ca\/mariem\/wp-content\/uploads\/2023\/07\/a1ec1132-b6f8-4670-aaad-9175c56832f1.jpg","width":1919,"height":1919},{"@type":"BreadcrumbList","@id":"https:\/\/gismodigital.ca\/mariem\/product\/naturel-type-auto-adhesif-faux-cils-peut-etre-repete\/#breadcrumb","itemListElement":[{"@type":"ListItem","position":1,"name":"Home","item":"https:\/\/gismodigital.ca\/mariem\/"},{"@type":"ListItem","position":2,"name":"Boutique","item":"https:\/\/gismodigital.ca\/mariem\/boutique\/"},{"@type":"ListItem","position":3,"name":"Naturel Type Auto-adh\u00e9sif Faux Cils Peut \u00catre R\u00e9p\u00e9t\u00e9"}]},{"@type":"WebSite","@id":"https:\/\/gismodigital.ca\/mariem\/#website","url":"https:\/\/gismodigital.ca\/mariem\/","name":"Marie&amp;M","description":"Marie&amp;M","potentialAction":[{"@type":"SearchAction","target":{"@type":"EntryPoint","urlTemplate":"https:\/\/gismodigital.ca\/mariem\/?s={search_term_string}"},"query-input":{"@type":"PropertyValueSpecification","valueRequired":true,"valueName":"search_term_string"}}],"inLanguage":"en-US"}]}},"jetpack_sharing_enabled":true,"_links":{"self":[{"href":"https:\/\/gismodigital.ca\/mariem\/wp-json\/wp\/v2\/product\/4676","targetHints":{"allow":["GET"]}}],"collection":[{"href":"https:\/\/gismodigital.ca\/mariem\/wp-json\/wp\/v2\/product"}],"about":[{"href":"https:\/\/gismodigital.ca\/mariem\/wp-json\/wp\/v2\/types\/product"}],"replies":[{"embeddable":true,"href":"https:\/\/gismodigital.ca\/mariem\/wp-json\/wp\/v2\/comments?post=4676"}],"wp:featuredmedia":[{"embeddable":true,"href":"https:\/\/gismodigital.ca\/mariem\/wp-json\/wp\/v2\/media\/5698"}],"wp:attachment":[{"href":"https:\/\/gismodigital.ca\/mariem\/wp-json\/wp\/v2\/media?parent=4676"}],"wp:term":[{"taxonomy":"product_brand","embeddable":true,"href":"https:\/\/gismodigital.ca\/mariem\/wp-json\/wp\/v2\/product_brand?post=4676"},{"taxonomy":"product_cat","embeddable":true,"href":"https:\/\/gismodigital.ca\/mariem\/wp-json\/wp\/v2\/product_cat?post=4676"},{"taxonomy":"product_tag","embeddable":true,"href":"https:\/\/gismodigital.ca\/mariem\/wp-json\/wp\/v2\/product_tag?post=4676"}],"curies":[{"name":"wp","href":"https:\/\/api.w.org\/{rel}","templated":true}]}}