{"id":4706,"date":"2023-07-20T21:14:20","date_gmt":"2023-07-20T21:14:20","guid":{"rendered":"https:\/\/gismodigital.ca\/mariem\/product\/ordifree-2022-summer-women-mini-party-dress-short-sleeve-hollow-out-white-lace-short-tunic-ordifree-2022-ete-femmes-mini-robe-de-soiree-a-manches-courtes-evider-dentelle-blanche-tunique\/"},"modified":"2023-07-20T21:14:25","modified_gmt":"2023-07-20T21:14:25","slug":"ordifree-2022-summer-women-mini-party-dress-short-sleeve-hollow-out-white-lace-short-tunic-ordifree-2022-ete-femmes-mini-robe-de-soiree-a-manches-courtes-evider-dentelle-blanche-tunique","status":"publish","type":"product","link":"https:\/\/gismodigital.ca\/mariem\/product\/ordifree-2022-summer-women-mini-party-dress-short-sleeve-hollow-out-white-lace-short-tunic-ordifree-2022-ete-femmes-mini-robe-de-soiree-a-manches-courtes-evider-dentelle-blanche-tunique\/","title":{"rendered":"Ordifree 2022 Summer Women Mini Party Dress Short Sleeve Hollow Out White Lace Short Tunic \n\nOrdifree 2022 \u00e9t\u00e9 femmes Mini robe de soir\u00e9e \u00e0 manches courtes \u00e9vider dentelle blanche tunique"},"content":{"rendered":"<h1>SPECIFICATIONS<\/h1>\n<p>\u00a0<\/p>\n<p>\u00a0<\/p>\n<p>Style: Beach Style<\/p>\n<p>\u00a0Style: manche buffante<\/p>\n<p>Size: XSSMLXL<\/p>\n<p>Saison: \u00c9t\u00e9<\/p>\n<p>Materiel: Polyester<\/p>\n<p>Materiel: Coton<\/p>\n<p>\u00a0<\/p>\n<p>\u00a0<\/p>\n","protected":false},"excerpt":{"rendered":"<p>SPECIFICATIONS \u00a0 \u00a0 Style: Beach Style \u00a0Style: manche buffante Size: XSSMLXL Saison: \u00c9t\u00e9 Materiel: Polyester Materiel: Coton \u00a0 \u00a0<\/p>\n","protected":false},"featured_media":5734,"comment_status":"open","ping_status":"closed","template":"","meta":{"om_disable_all_campaigns":false,"_monsterinsights_skip_tracking":false,"_monsterinsights_sitenote_active":false,"_monsterinsights_sitenote_note":"","_monsterinsights_sitenote_category":0},"product_brand":[],"product_cat":[200],"product_tag":[],"class_list":{"0":"post-4706","1":"product","2":"type-product","3":"status-publish","4":"has-post-thumbnail","6":"product_cat-femmes","8":"first","9":"outofstock","10":"taxable","11":"shipping-taxable","12":"purchasable","13":"product-type-variable"},"yoast_head":"<!-- This site is optimized with the Yoast SEO plugin v27.4 - https:\/\/yoast.com\/product\/yoast-seo-wordpress\/ -->\n<title>Ordifree 2022 Summer Women Mini Party Dress Short Sleeve Hollow Out White Lace Short Tunic  Ordifree 2022 \u00e9t\u00e9 femmes Mini robe de soir\u00e9e \u00e0 manches courtes \u00e9vider dentelle blanche tunique - Marie&amp;M<\/title>\n<meta name=\"robots\" content=\"index, follow, max-snippet:-1, max-image-preview:large, max-video-preview:-1\" \/>\n<link rel=\"canonical\" href=\"https:\/\/gismodigital.ca\/mariem\/product\/ordifree-2022-summer-women-mini-party-dress-short-sleeve-hollow-out-white-lace-short-tunic-ordifree-2022-ete-femmes-mini-robe-de-soiree-a-manches-courtes-evider-dentelle-blanche-tunique\/\" \/>\n<meta property=\"og:locale\" content=\"en_US\" \/>\n<meta property=\"og:type\" content=\"article\" \/>\n<meta property=\"og:title\" content=\"Ordifree 2022 Summer Women Mini Party Dress Short Sleeve Hollow Out White Lace Short Tunic  Ordifree 2022 \u00e9t\u00e9 femmes Mini robe de soir\u00e9e \u00e0 manches courtes \u00e9vider dentelle blanche tunique - Marie&amp;M\" \/>\n<meta property=\"og:description\" content=\"SPECIFICATIONS \u00a0 \u00a0 Style: Beach Style \u00a0Style: manche buffante Size: XSSMLXL Saison: \u00c9t\u00e9 Materiel: Polyester Materiel: Coton \u00a0 \u00a0\" \/>\n<meta property=\"og:url\" content=\"https:\/\/gismodigital.ca\/mariem\/product\/ordifree-2022-summer-women-mini-party-dress-short-sleeve-hollow-out-white-lace-short-tunic-ordifree-2022-ete-femmes-mini-robe-de-soiree-a-manches-courtes-evider-dentelle-blanche-tunique\/\" \/>\n<meta property=\"og:site_name\" content=\"Marie&amp;M\" \/>\n<meta property=\"article:modified_time\" content=\"2023-07-20T21:14:25+00:00\" \/>\n<meta name=\"twitter:card\" content=\"summary_large_image\" \/>\n<script type=\"application\/ld+json\" class=\"yoast-schema-graph\">{\"@context\":\"https:\\\/\\\/schema.org\",\"@graph\":[{\"@type\":\"WebPage\",\"@id\":\"https:\\\/\\\/gismodigital.ca\\\/mariem\\\/product\\\/ordifree-2022-summer-women-mini-party-dress-short-sleeve-hollow-out-white-lace-short-tunic-ordifree-2022-ete-femmes-mini-robe-de-soiree-a-manches-courtes-evider-dentelle-blanche-tunique\\\/\",\"url\":\"https:\\\/\\\/gismodigital.ca\\\/mariem\\\/product\\\/ordifree-2022-summer-women-mini-party-dress-short-sleeve-hollow-out-white-lace-short-tunic-ordifree-2022-ete-femmes-mini-robe-de-soiree-a-manches-courtes-evider-dentelle-blanche-tunique\\\/\",\"name\":\"Ordifree 2022 Summer Women Mini Party Dress Short Sleeve Hollow Out White Lace Short Tunic Ordifree 2022 \u00e9t\u00e9 femmes Mini robe de soir\u00e9e \u00e0 manches courtes \u00e9vider dentelle blanche tunique - Marie&amp;M\",\"isPartOf\":{\"@id\":\"https:\\\/\\\/gismodigital.ca\\\/mariem\\\/#website\"},\"primaryImageOfPage\":{\"@id\":\"https:\\\/\\\/gismodigital.ca\\\/mariem\\\/product\\\/ordifree-2022-summer-women-mini-party-dress-short-sleeve-hollow-out-white-lace-short-tunic-ordifree-2022-ete-femmes-mini-robe-de-soiree-a-manches-courtes-evider-dentelle-blanche-tunique\\\/#primaryimage\"},\"image\":{\"@id\":\"https:\\\/\\\/gismodigital.ca\\\/mariem\\\/product\\\/ordifree-2022-summer-women-mini-party-dress-short-sleeve-hollow-out-white-lace-short-tunic-ordifree-2022-ete-femmes-mini-robe-de-soiree-a-manches-courtes-evider-dentelle-blanche-tunique\\\/#primaryimage\"},\"thumbnailUrl\":\"https:\\\/\\\/gismodigital.ca\\\/mariem\\\/wp-content\\\/uploads\\\/2023\\\/07\\\/ordifree-2022-summer-women-mini-party-dress-short-sleeve-hollow-out-white-lace-short-tunic-ordifree-2022-ete-femmes-mini-robe-de-soiree-a-manches-courtes-evider-dentelle-225122.jpg\",\"datePublished\":\"2023-07-20T21:14:20+00:00\",\"dateModified\":\"2023-07-20T21:14:25+00:00\",\"breadcrumb\":{\"@id\":\"https:\\\/\\\/gismodigital.ca\\\/mariem\\\/product\\\/ordifree-2022-summer-women-mini-party-dress-short-sleeve-hollow-out-white-lace-short-tunic-ordifree-2022-ete-femmes-mini-robe-de-soiree-a-manches-courtes-evider-dentelle-blanche-tunique\\\/#breadcrumb\"},\"inLanguage\":\"en-US\",\"potentialAction\":[{\"@type\":\"ReadAction\",\"target\":[\"https:\\\/\\\/gismodigital.ca\\\/mariem\\\/product\\\/ordifree-2022-summer-women-mini-party-dress-short-sleeve-hollow-out-white-lace-short-tunic-ordifree-2022-ete-femmes-mini-robe-de-soiree-a-manches-courtes-evider-dentelle-blanche-tunique\\\/\"]}]},{\"@type\":\"ImageObject\",\"inLanguage\":\"en-US\",\"@id\":\"https:\\\/\\\/gismodigital.ca\\\/mariem\\\/product\\\/ordifree-2022-summer-women-mini-party-dress-short-sleeve-hollow-out-white-lace-short-tunic-ordifree-2022-ete-femmes-mini-robe-de-soiree-a-manches-courtes-evider-dentelle-blanche-tunique\\\/#primaryimage\",\"url\":\"https:\\\/\\\/gismodigital.ca\\\/mariem\\\/wp-content\\\/uploads\\\/2023\\\/07\\\/ordifree-2022-summer-women-mini-party-dress-short-sleeve-hollow-out-white-lace-short-tunic-ordifree-2022-ete-femmes-mini-robe-de-soiree-a-manches-courtes-evider-dentelle-225122.jpg\",\"contentUrl\":\"https:\\\/\\\/gismodigital.ca\\\/mariem\\\/wp-content\\\/uploads\\\/2023\\\/07\\\/ordifree-2022-summer-women-mini-party-dress-short-sleeve-hollow-out-white-lace-short-tunic-ordifree-2022-ete-femmes-mini-robe-de-soiree-a-manches-courtes-evider-dentelle-225122.jpg\",\"width\":800,\"height\":800,\"caption\":\"Ordifree 2022 Summer Women Mini Party Dress Short Sleeve Hollow Out White Lace Short Tunic Ordifree 2022 \u00e9t\u00e9 femmes Mini robe de soir\u00e9e \u00e0 manches courtes \u00e9vider dentelle blanche tunique Marie & M\"},{\"@type\":\"BreadcrumbList\",\"@id\":\"https:\\\/\\\/gismodigital.ca\\\/mariem\\\/product\\\/ordifree-2022-summer-women-mini-party-dress-short-sleeve-hollow-out-white-lace-short-tunic-ordifree-2022-ete-femmes-mini-robe-de-soiree-a-manches-courtes-evider-dentelle-blanche-tunique\\\/#breadcrumb\",\"itemListElement\":[{\"@type\":\"ListItem\",\"position\":1,\"name\":\"Home\",\"item\":\"https:\\\/\\\/gismodigital.ca\\\/mariem\\\/\"},{\"@type\":\"ListItem\",\"position\":2,\"name\":\"Boutique\",\"item\":\"https:\\\/\\\/gismodigital.ca\\\/mariem\\\/boutique\\\/\"},{\"@type\":\"ListItem\",\"position\":3,\"name\":\"Ordifree 2022 Summer Women Mini Party Dress Short Sleeve Hollow Out White Lace Short Tunic Ordifree 2022 \u00e9t\u00e9 femmes Mini robe de soir\u00e9e \u00e0 manches courtes \u00e9vider dentelle blanche tunique\"}]},{\"@type\":\"WebSite\",\"@id\":\"https:\\\/\\\/gismodigital.ca\\\/mariem\\\/#website\",\"url\":\"https:\\\/\\\/gismodigital.ca\\\/mariem\\\/\",\"name\":\"Marie&amp;M\",\"description\":\"Marie&amp;M\",\"potentialAction\":[{\"@type\":\"SearchAction\",\"target\":{\"@type\":\"EntryPoint\",\"urlTemplate\":\"https:\\\/\\\/gismodigital.ca\\\/mariem\\\/?s={search_term_string}\"},\"query-input\":{\"@type\":\"PropertyValueSpecification\",\"valueRequired\":true,\"valueName\":\"search_term_string\"}}],\"inLanguage\":\"en-US\"}]}<\/script>\n<!-- \/ Yoast SEO plugin. -->","yoast_head_json":{"title":"Ordifree 2022 Summer Women Mini Party Dress Short Sleeve Hollow Out White Lace Short Tunic  Ordifree 2022 \u00e9t\u00e9 femmes Mini robe de soir\u00e9e \u00e0 manches courtes \u00e9vider dentelle blanche tunique - Marie&amp;M","robots":{"index":"index","follow":"follow","max-snippet":"max-snippet:-1","max-image-preview":"max-image-preview:large","max-video-preview":"max-video-preview:-1"},"canonical":"https:\/\/gismodigital.ca\/mariem\/product\/ordifree-2022-summer-women-mini-party-dress-short-sleeve-hollow-out-white-lace-short-tunic-ordifree-2022-ete-femmes-mini-robe-de-soiree-a-manches-courtes-evider-dentelle-blanche-tunique\/","og_locale":"en_US","og_type":"article","og_title":"Ordifree 2022 Summer Women Mini Party Dress Short Sleeve Hollow Out White Lace Short Tunic  Ordifree 2022 \u00e9t\u00e9 femmes Mini robe de soir\u00e9e \u00e0 manches courtes \u00e9vider dentelle blanche tunique - Marie&amp;M","og_description":"SPECIFICATIONS \u00a0 \u00a0 Style: Beach Style \u00a0Style: manche buffante Size: XSSMLXL Saison: \u00c9t\u00e9 Materiel: Polyester Materiel: Coton \u00a0 \u00a0","og_url":"https:\/\/gismodigital.ca\/mariem\/product\/ordifree-2022-summer-women-mini-party-dress-short-sleeve-hollow-out-white-lace-short-tunic-ordifree-2022-ete-femmes-mini-robe-de-soiree-a-manches-courtes-evider-dentelle-blanche-tunique\/","og_site_name":"Marie&amp;M","article_modified_time":"2023-07-20T21:14:25+00:00","twitter_card":"summary_large_image","schema":{"@context":"https:\/\/schema.org","@graph":[{"@type":"WebPage","@id":"https:\/\/gismodigital.ca\/mariem\/product\/ordifree-2022-summer-women-mini-party-dress-short-sleeve-hollow-out-white-lace-short-tunic-ordifree-2022-ete-femmes-mini-robe-de-soiree-a-manches-courtes-evider-dentelle-blanche-tunique\/","url":"https:\/\/gismodigital.ca\/mariem\/product\/ordifree-2022-summer-women-mini-party-dress-short-sleeve-hollow-out-white-lace-short-tunic-ordifree-2022-ete-femmes-mini-robe-de-soiree-a-manches-courtes-evider-dentelle-blanche-tunique\/","name":"Ordifree 2022 Summer Women Mini Party Dress Short Sleeve Hollow Out White Lace Short Tunic Ordifree 2022 \u00e9t\u00e9 femmes Mini robe de soir\u00e9e \u00e0 manches courtes \u00e9vider dentelle blanche tunique - Marie&amp;M","isPartOf":{"@id":"https:\/\/gismodigital.ca\/mariem\/#website"},"primaryImageOfPage":{"@id":"https:\/\/gismodigital.ca\/mariem\/product\/ordifree-2022-summer-women-mini-party-dress-short-sleeve-hollow-out-white-lace-short-tunic-ordifree-2022-ete-femmes-mini-robe-de-soiree-a-manches-courtes-evider-dentelle-blanche-tunique\/#primaryimage"},"image":{"@id":"https:\/\/gismodigital.ca\/mariem\/product\/ordifree-2022-summer-women-mini-party-dress-short-sleeve-hollow-out-white-lace-short-tunic-ordifree-2022-ete-femmes-mini-robe-de-soiree-a-manches-courtes-evider-dentelle-blanche-tunique\/#primaryimage"},"thumbnailUrl":"https:\/\/gismodigital.ca\/mariem\/wp-content\/uploads\/2023\/07\/ordifree-2022-summer-women-mini-party-dress-short-sleeve-hollow-out-white-lace-short-tunic-ordifree-2022-ete-femmes-mini-robe-de-soiree-a-manches-courtes-evider-dentelle-225122.jpg","datePublished":"2023-07-20T21:14:20+00:00","dateModified":"2023-07-20T21:14:25+00:00","breadcrumb":{"@id":"https:\/\/gismodigital.ca\/mariem\/product\/ordifree-2022-summer-women-mini-party-dress-short-sleeve-hollow-out-white-lace-short-tunic-ordifree-2022-ete-femmes-mini-robe-de-soiree-a-manches-courtes-evider-dentelle-blanche-tunique\/#breadcrumb"},"inLanguage":"en-US","potentialAction":[{"@type":"ReadAction","target":["https:\/\/gismodigital.ca\/mariem\/product\/ordifree-2022-summer-women-mini-party-dress-short-sleeve-hollow-out-white-lace-short-tunic-ordifree-2022-ete-femmes-mini-robe-de-soiree-a-manches-courtes-evider-dentelle-blanche-tunique\/"]}]},{"@type":"ImageObject","inLanguage":"en-US","@id":"https:\/\/gismodigital.ca\/mariem\/product\/ordifree-2022-summer-women-mini-party-dress-short-sleeve-hollow-out-white-lace-short-tunic-ordifree-2022-ete-femmes-mini-robe-de-soiree-a-manches-courtes-evider-dentelle-blanche-tunique\/#primaryimage","url":"https:\/\/gismodigital.ca\/mariem\/wp-content\/uploads\/2023\/07\/ordifree-2022-summer-women-mini-party-dress-short-sleeve-hollow-out-white-lace-short-tunic-ordifree-2022-ete-femmes-mini-robe-de-soiree-a-manches-courtes-evider-dentelle-225122.jpg","contentUrl":"https:\/\/gismodigital.ca\/mariem\/wp-content\/uploads\/2023\/07\/ordifree-2022-summer-women-mini-party-dress-short-sleeve-hollow-out-white-lace-short-tunic-ordifree-2022-ete-femmes-mini-robe-de-soiree-a-manches-courtes-evider-dentelle-225122.jpg","width":800,"height":800,"caption":"Ordifree 2022 Summer Women Mini Party Dress Short Sleeve Hollow Out White Lace Short Tunic Ordifree 2022 \u00e9t\u00e9 femmes Mini robe de soir\u00e9e \u00e0 manches courtes \u00e9vider dentelle blanche tunique Marie & M"},{"@type":"BreadcrumbList","@id":"https:\/\/gismodigital.ca\/mariem\/product\/ordifree-2022-summer-women-mini-party-dress-short-sleeve-hollow-out-white-lace-short-tunic-ordifree-2022-ete-femmes-mini-robe-de-soiree-a-manches-courtes-evider-dentelle-blanche-tunique\/#breadcrumb","itemListElement":[{"@type":"ListItem","position":1,"name":"Home","item":"https:\/\/gismodigital.ca\/mariem\/"},{"@type":"ListItem","position":2,"name":"Boutique","item":"https:\/\/gismodigital.ca\/mariem\/boutique\/"},{"@type":"ListItem","position":3,"name":"Ordifree 2022 Summer Women Mini Party Dress Short Sleeve Hollow Out White Lace Short Tunic Ordifree 2022 \u00e9t\u00e9 femmes Mini robe de soir\u00e9e \u00e0 manches courtes \u00e9vider dentelle blanche tunique"}]},{"@type":"WebSite","@id":"https:\/\/gismodigital.ca\/mariem\/#website","url":"https:\/\/gismodigital.ca\/mariem\/","name":"Marie&amp;M","description":"Marie&amp;M","potentialAction":[{"@type":"SearchAction","target":{"@type":"EntryPoint","urlTemplate":"https:\/\/gismodigital.ca\/mariem\/?s={search_term_string}"},"query-input":{"@type":"PropertyValueSpecification","valueRequired":true,"valueName":"search_term_string"}}],"inLanguage":"en-US"}]}},"jetpack_sharing_enabled":true,"_links":{"self":[{"href":"https:\/\/gismodigital.ca\/mariem\/wp-json\/wp\/v2\/product\/4706","targetHints":{"allow":["GET"]}}],"collection":[{"href":"https:\/\/gismodigital.ca\/mariem\/wp-json\/wp\/v2\/product"}],"about":[{"href":"https:\/\/gismodigital.ca\/mariem\/wp-json\/wp\/v2\/types\/product"}],"replies":[{"embeddable":true,"href":"https:\/\/gismodigital.ca\/mariem\/wp-json\/wp\/v2\/comments?post=4706"}],"wp:featuredmedia":[{"embeddable":true,"href":"https:\/\/gismodigital.ca\/mariem\/wp-json\/wp\/v2\/media\/5734"}],"wp:attachment":[{"href":"https:\/\/gismodigital.ca\/mariem\/wp-json\/wp\/v2\/media?parent=4706"}],"wp:term":[{"taxonomy":"product_brand","embeddable":true,"href":"https:\/\/gismodigital.ca\/mariem\/wp-json\/wp\/v2\/product_brand?post=4706"},{"taxonomy":"product_cat","embeddable":true,"href":"https:\/\/gismodigital.ca\/mariem\/wp-json\/wp\/v2\/product_cat?post=4706"},{"taxonomy":"product_tag","embeddable":true,"href":"https:\/\/gismodigital.ca\/mariem\/wp-json\/wp\/v2\/product_tag?post=4706"}],"curies":[{"name":"wp","href":"https:\/\/api.w.org\/{rel}","templated":true}]}}