{"id":5015,"date":"2023-07-20T21:15:27","date_gmt":"2023-07-20T21:15:27","guid":{"rendered":"https:\/\/gismodigital.ca\/mariem\/product\/robe-elegante-en-dentelle-semi-long-robe-de-sortie-decontracte\/"},"modified":"2023-07-20T21:15:34","modified_gmt":"2023-07-20T21:15:34","slug":"robe-elegante-en-dentelle-semi-long-robe-de-sortie-decontracte","status":"publish","type":"product","link":"https:\/\/gismodigital.ca\/mariem\/product\/robe-elegante-en-dentelle-semi-long-robe-de-sortie-decontracte\/","title":{"rendered":"Robe \u00e9l\u00e9gante en dentelle, s\u00e9mi-long robe de sortie d\u00e9contract\u00e9"},"content":{"rendered":"<div class=\"detailmodule_html\">\n<div class=\"detail-desc-decorate-richtext\">\n<div id=\"offer-template-0\"><\/div>\n<p style=\"text-align: center;\" align=\"center\"><img decoding=\"async\" src=\"https:\/\/ae01.alicdn.com\/kf\/Seb85290b5128426ebaa945d6507c6f406.jpg?width=926&amp;height=584&amp;hash=1510\"><\/p>\n<p style=\"text-align: center;\" align=\"center\"><span style=\"font-size: 29.3333px;\"><strong>Color Show<\/strong><\/span><\/p>\n<p style=\"text-align: center;\" align=\"center\"><img decoding=\"async\" src=\"https:\/\/ae01.alicdn.com\/kf\/S0f90f8e432ca43728e8fdf75db67c13el.jpg?width=1000&amp;height=284&amp;hash=1284\"><\/p>\n<p><\/p>\n<p style=\"text-align: center;\" align=\"center\"><span style=\"color: #000000;\"><strong><span style=\"font-size: 22pt;\">Model Show<\/span><\/strong><\/span><\/p>\n<p style=\"text-align: center;\" align=\"center\"><img decoding=\"async\" src=\"https:\/\/ae01.alicdn.com\/kf\/Sf46adf90394444bda50bf45721303b02m.jpg?width=750&amp;height=1000&amp;hash=1750\"><\/p>\n<p><img decoding=\"async\" src=\"https:\/\/ae01.alicdn.com\/kf\/S1f1e111b29984dbd848651d0a68f5a550.jpg?width=1214&amp;height=1214&amp;hash=2428\"><\/p>\n<p><\/p>\n<p style=\"text-align: center;\" align=\"center\"><img decoding=\"async\" src=\"https:\/\/ae01.alicdn.com\/kf\/Sc174b8ddb7684cd6b76f5628c8889d54e.jpg?width=1000&amp;height=1000&amp;hash=2000\"><\/p>\n<p><img decoding=\"async\" src=\"https:\/\/ae01.alicdn.com\/kf\/S3a76da47b70e48d380b30dbc28e84252z.jpg?width=1000&amp;height=1000&amp;hash=2000\"><\/p>\n<p><img decoding=\"async\" src=\"https:\/\/ae01.alicdn.com\/kf\/S02b8a7e215aa4e79b15c8b427e0e2457x.jpg?width=1000&amp;height=1000&amp;hash=2000\"><\/p>\n<p><img decoding=\"async\" src=\"https:\/\/ae01.alicdn.com\/kf\/S81adc2c143e5439390a12140429b4f71S.jpg?width=1000&amp;height=1000&amp;hash=2000\"><\/p>\n<p><img decoding=\"async\" src=\"https:\/\/ae01.alicdn.com\/kf\/Sffff972eee714dd092ce247edce57973G.jpg?width=1000&amp;height=1000&amp;hash=2000\"><\/p>\n<p><img decoding=\"async\" src=\"https:\/\/ae01.alicdn.com\/kf\/S0d197116e24d4aff9d39e6275abf2d74y.jpg?width=972&amp;height=972&amp;hash=1944\"><\/p>\n<p><\/p>\n<p style=\"text-align: center;\" align=\"center\"><img decoding=\"async\" src=\"https:\/\/ae01.alicdn.com\/kf\/S23c64bc1f780416b844765087da1a72f3.jpg?width=1000&amp;height=1000&amp;hash=2000\"><\/p>\n<p><img decoding=\"async\" src=\"https:\/\/ae01.alicdn.com\/kf\/Sae9104354def4577890b1251cc90cc33K.jpg?width=1000&amp;height=1000&amp;hash=2000\"><\/p>\n<p><img decoding=\"async\" src=\"https:\/\/ae01.alicdn.com\/kf\/S9a9fb49efc92486da7752b01d0580efe9.jpg?width=1000&amp;height=1000&amp;hash=2000\"><\/p>\n<p><img decoding=\"async\" src=\"https:\/\/ae01.alicdn.com\/kf\/S75449be8fe634d9cb49b7ab579061549H.jpg?width=1000&amp;height=1000&amp;hash=2000\"><\/p>\n<p><img decoding=\"async\" src=\"https:\/\/ae01.alicdn.com\/kf\/Sa5a50b4a05de4b5ebd8d6c86d30bd1a5e.jpg?width=1000&amp;height=1000&amp;hash=2000\"><\/p>\n<p><img decoding=\"async\" src=\"https:\/\/ae01.alicdn.com\/kf\/Saec11ea8d16c4978897ac593bf33aba73.jpg?width=1000&amp;height=1000&amp;hash=2000\"><\/p>\n<p><img decoding=\"async\" src=\"https:\/\/ae01.alicdn.com\/kf\/S1ed80f09c85942968a9642d000d75fde4.jpg?width=1000&amp;height=1000&amp;hash=2000\"><\/p>\n<p><img decoding=\"async\" src=\"https:\/\/ae01.alicdn.com\/kf\/S141d518bb09946cbb449e1c6909f3607G.jpg?width=1000&amp;height=1000&amp;hash=2000\"><\/p>\n<p><img decoding=\"async\" src=\"https:\/\/ae01.alicdn.com\/kf\/Sacaaac547d054e0b922140bd033552cfq.jpg?width=950&amp;height=950&amp;hash=1900\"><\/p>\n<p><\/p>\n<p style=\"text-align: center;\" align=\"center\"><img decoding=\"async\" src=\"https:\/\/ae01.alicdn.com\/kf\/S8fc5c3a77adf4afeb73bd54055f4c339M.jpg?width=1000&amp;height=1000&amp;hash=2000\"><\/p>\n<p><img decoding=\"async\" src=\"https:\/\/ae01.alicdn.com\/kf\/S88264dd615bb45bbb2273b14cee2e5e9E.jpg?width=1000&amp;height=1000&amp;hash=2000\"><\/p>\n<p><img decoding=\"async\" src=\"https:\/\/ae01.alicdn.com\/kf\/S0ab4b54c1f6245a09d56cd3faf017695j.jpg?width=1000&amp;height=1000&amp;hash=2000\"><\/p>\n<p><img decoding=\"async\" src=\"https:\/\/ae01.alicdn.com\/kf\/S5c5c4a4a65ad4afcbdccd2051cb98875d.jpg?width=1000&amp;height=1000&amp;hash=2000\"><\/p>\n<p><img decoding=\"async\" src=\"https:\/\/ae01.alicdn.com\/kf\/Sd85b35de37884ae8898579fd611f1986L.jpg?width=1000&amp;height=1000&amp;hash=2000\"><\/p>\n<p><img decoding=\"async\" src=\"https:\/\/ae01.alicdn.com\/kf\/Sff2d9de3b32f457c8351235f5132ac39q.jpg?width=1000&amp;height=1000&amp;hash=2000\"><\/p>\n<p><img decoding=\"async\" src=\"https:\/\/ae01.alicdn.com\/kf\/Se785adf011504e3d9bd09ca36ea9cb560.jpg?width=1000&amp;height=1000&amp;hash=2000\"><\/p>\n<p><img decoding=\"async\" src=\"https:\/\/ae01.alicdn.com\/kf\/S25cb031da1f943a3a336ceb83b75d807G.jpg?width=1000&amp;height=1000&amp;hash=2000\"><\/p>\n<p><img decoding=\"async\" src=\"https:\/\/ae03.alicdn.com\/kf\/S3382fe9036ab4d6ab7d1b53d2f64451bj.jpg\"><\/p>\n<p><img decoding=\"async\" src=\"https:\/\/ae01.alicdn.com\/kf\/S5789801f9ff94806af2d086c07688f662.jpg?width=1000&amp;height=1000&amp;hash=2000\"><\/p>\n<p><img decoding=\"async\" src=\"https:\/\/ae01.alicdn.com\/kf\/S08d6875b87c04d8face6591c55c4ddebf.jpg?width=1000&amp;height=1000&amp;hash=2000\"><\/p>\n<p><img decoding=\"async\" src=\"https:\/\/ae01.alicdn.com\/kf\/S562a23d202024fe9aae8fcacf13309feB.jpg?width=1000&amp;height=1000&amp;hash=2000\"><\/p>\n<p><img decoding=\"async\" src=\"https:\/\/ae01.alicdn.com\/kf\/Saa8073ea5e334cb48a3fb4cdface59e9j.jpg?width=1000&amp;height=1000&amp;hash=2000\"><\/p>\n<p><img decoding=\"async\" src=\"https:\/\/ae01.alicdn.com\/kf\/Sc678b0ce6541423a83a90ceea251679do.jpg?width=1000&amp;height=1000&amp;hash=2000\"><\/p>\n<p><img decoding=\"async\" src=\"https:\/\/ae01.alicdn.com\/kf\/S44ff92488e6f4b409b0d223304037c7b3.jpg?width=1000&amp;height=1000&amp;hash=2000\"><\/p>\n<p><img decoding=\"async\" src=\"https:\/\/ae01.alicdn.com\/kf\/Sec0a2ad0bbcb4f86a8222d17ced3ba0dz.jpg?width=1000&amp;height=1000&amp;hash=2000\"><\/p>\n<p><img decoding=\"async\" src=\"https:\/\/ae01.alicdn.com\/kf\/Sb5b52832ed794c829c513004280460caF.jpg?width=1000&amp;height=1000&amp;hash=2000\"><\/p>\n<p><img decoding=\"async\" src=\"https:\/\/ae01.alicdn.com\/kf\/S1a7c09d3f1dc45e7b71a64b077038e13v.jpg?width=1000&amp;height=1000&amp;hash=2000\"><\/p>\n<p><\/p>\n<p><\/p>\n<p style=\"text-align: center;\" align=\"center\"><img decoding=\"async\" src=\"https:\/\/ae01.alicdn.com\/kf\/S9b4f83861e1c47329a41a9129fd09279X.jpg?width=1000&amp;height=1000&amp;hash=2000\"><\/p>\n<p><img decoding=\"async\" src=\"https:\/\/ae01.alicdn.com\/kf\/S6a5fb6f6e93e429cb1c7ee14241a1ea82.jpg?width=1000&amp;height=1000&amp;hash=2000\"><\/p>\n<p><img decoding=\"async\" src=\"https:\/\/ae01.alicdn.com\/kf\/S18cf87067faf422a81e9a3266bbd6e0fi.jpg?width=1000&amp;height=1000&amp;hash=2000\"><\/p>\n<p><img decoding=\"async\" src=\"https:\/\/ae01.alicdn.com\/kf\/S9b2f43c8e55b409a89d77db466d9c3b7K.jpg?width=1000&amp;height=1000&amp;hash=2000\"><\/p>\n<p><img decoding=\"async\" src=\"https:\/\/ae01.alicdn.com\/kf\/S4fa63824bf024e5a8aebcff2d7643a617.jpg?width=1000&amp;height=1000&amp;hash=2000\"><\/p>\n<p><img decoding=\"async\" src=\"https:\/\/ae01.alicdn.com\/kf\/S9ff89e76d77b4d52841e0345c9db584fF.jpg?width=1000&amp;height=1000&amp;hash=2000\"><\/p>\n<p><img decoding=\"async\" src=\"https:\/\/ae01.alicdn.com\/kf\/S0977ca25a2a74239913a7ac54f2cf6906.jpg?width=1000&amp;height=1000&amp;hash=2000\"><\/p>\n<p><img decoding=\"async\" src=\"https:\/\/ae01.alicdn.com\/kf\/S3c1e47edf5654e298dbfbf3e28731067p.jpg?width=1000&amp;height=1000&amp;hash=2000\"><\/p>\n<p><img decoding=\"async\" src=\"https:\/\/ae01.alicdn.com\/kf\/Sf18b48c661f24648b9e6dad6ec110e5bi.jpg?width=1000&amp;height=1000&amp;hash=2000\"><\/p>\n<p style=\"text-align: center;\" align=\"center\"><img decoding=\"async\" src=\"https:\/\/ae01.alicdn.com\/kf\/S7e5789e58be846da8b53ff05f803c451S.jpg?width=1000&amp;height=1000&amp;hash=2000\"><span style=\"color: #000000;\"><strong><span style=\"font-size: 22pt;\"><\/p>\n<p><\/span><\/strong><\/span><img decoding=\"async\" src=\"https:\/\/ae01.alicdn.com\/kf\/S87e7773570a1495cbc65f5df12db14d4t.jpg?width=1000&amp;height=1000&amp;hash=2000\"><span style=\"color: #000000;\"><strong><span style=\"font-size: 22pt;\"><\/p>\n<p><\/span><\/strong><\/span><img decoding=\"async\" src=\"https:\/\/ae01.alicdn.com\/kf\/S57d959df2b534b85971cd8c8dc0d3602Y.jpg?width=1000&amp;height=1000&amp;hash=2000\"><span style=\"color: #000000;\"><strong><span style=\"font-size: 22pt;\"><\/p>\n<p><\/span><\/strong><\/span><img decoding=\"async\" src=\"https:\/\/ae01.alicdn.com\/kf\/S8a5d583f3ac8452faafe8315f81b2971z.jpg?width=1000&amp;height=1000&amp;hash=2000\"><span style=\"color: #000000;\"><strong><span style=\"font-size: 22pt;\"><\/p>\n<p><\/span><\/strong><\/span><img decoding=\"async\" src=\"https:\/\/ae01.alicdn.com\/kf\/Sb51ba56a04a74301a3b8798ff105a37dd.jpg?width=1000&amp;height=1000&amp;hash=2000\"><span style=\"color: #000000;\"><strong><span style=\"font-size: 22pt;\"><\/p>\n<p><\/span><\/strong><\/span><img decoding=\"async\" src=\"https:\/\/ae01.alicdn.com\/kf\/S8296d0d6bb124fa397f806c8ddbee6a0S.jpg?width=1000&amp;height=1000&amp;hash=2000\"><span style=\"color: #000000;\"><strong><span style=\"font-size: 22pt;\"><\/p>\n<p><\/span><\/strong><\/span><img decoding=\"async\" src=\"https:\/\/ae01.alicdn.com\/kf\/Sd8532287c1c9460a8a272a61c6644f42H.jpg?width=1000&amp;height=1000&amp;hash=2000\"><span style=\"color: #000000;\"><strong><span style=\"font-size: 22pt;\"><\/p>\n<p><\/span><\/strong><\/span><img decoding=\"async\" src=\"https:\/\/ae01.alicdn.com\/kf\/Seaf3d95e46e44c929340f7d88724da4ft.jpg?width=1000&amp;height=1000&amp;hash=2000\"><\/p>\n<\/div>\n<\/div>\n","protected":false},"excerpt":{"rendered":"<p>Color Show Model Show<\/p>\n","protected":false},"featured_media":5927,"comment_status":"open","ping_status":"closed","template":"","meta":{"om_disable_all_campaigns":false,"_monsterinsights_skip_tracking":false,"_monsterinsights_sitenote_active":false,"_monsterinsights_sitenote_note":"","_monsterinsights_sitenote_category":0},"product_brand":[],"product_cat":[200],"product_tag":[],"class_list":{"0":"post-5015","1":"product","2":"type-product","3":"status-publish","4":"has-post-thumbnail","6":"product_cat-femmes","8":"first","9":"instock","10":"taxable","11":"shipping-taxable","12":"purchasable","13":"product-type-variable"},"yoast_head":"<!-- This site is optimized with the Yoast SEO plugin v27.4 - https:\/\/yoast.com\/product\/yoast-seo-wordpress\/ -->\n<title>Robe \u00e9l\u00e9gante en dentelle, s\u00e9mi-long robe de sortie d\u00e9contract\u00e9 - Marie&amp;M<\/title>\n<meta name=\"robots\" content=\"index, follow, max-snippet:-1, max-image-preview:large, max-video-preview:-1\" \/>\n<link rel=\"canonical\" href=\"https:\/\/gismodigital.ca\/mariem\/product\/robe-elegante-en-dentelle-semi-long-robe-de-sortie-decontracte\/\" \/>\n<meta property=\"og:locale\" content=\"en_US\" \/>\n<meta property=\"og:type\" content=\"article\" \/>\n<meta property=\"og:title\" content=\"Robe \u00e9l\u00e9gante en dentelle, s\u00e9mi-long robe de sortie d\u00e9contract\u00e9 - Marie&amp;M\" \/>\n<meta property=\"og:description\" content=\"Color Show Model Show\" \/>\n<meta property=\"og:url\" content=\"https:\/\/gismodigital.ca\/mariem\/product\/robe-elegante-en-dentelle-semi-long-robe-de-sortie-decontracte\/\" \/>\n<meta property=\"og:site_name\" content=\"Marie&amp;M\" \/>\n<meta property=\"article:modified_time\" content=\"2023-07-20T21:15:34+00:00\" \/>\n<meta property=\"og:image\" content=\"https:\/\/ae01.alicdn.com\/kf\/Seb85290b5128426ebaa945d6507c6f406.jpg?width=926&amp;height=584&amp;hash=1510\" \/>\n<meta name=\"twitter:card\" content=\"summary_large_image\" \/>\n<script type=\"application\/ld+json\" class=\"yoast-schema-graph\">{\"@context\":\"https:\\\/\\\/schema.org\",\"@graph\":[{\"@type\":\"WebPage\",\"@id\":\"https:\\\/\\\/gismodigital.ca\\\/mariem\\\/product\\\/robe-elegante-en-dentelle-semi-long-robe-de-sortie-decontracte\\\/\",\"url\":\"https:\\\/\\\/gismodigital.ca\\\/mariem\\\/product\\\/robe-elegante-en-dentelle-semi-long-robe-de-sortie-decontracte\\\/\",\"name\":\"Robe \u00e9l\u00e9gante en dentelle, s\u00e9mi-long robe de sortie d\u00e9contract\u00e9 - Marie&amp;M\",\"isPartOf\":{\"@id\":\"https:\\\/\\\/gismodigital.ca\\\/mariem\\\/#website\"},\"primaryImageOfPage\":{\"@id\":\"https:\\\/\\\/gismodigital.ca\\\/mariem\\\/product\\\/robe-elegante-en-dentelle-semi-long-robe-de-sortie-decontracte\\\/#primaryimage\"},\"image\":{\"@id\":\"https:\\\/\\\/gismodigital.ca\\\/mariem\\\/product\\\/robe-elegante-en-dentelle-semi-long-robe-de-sortie-decontracte\\\/#primaryimage\"},\"thumbnailUrl\":\"https:\\\/\\\/gismodigital.ca\\\/mariem\\\/wp-content\\\/uploads\\\/2023\\\/07\\\/robe-elegante-en-dentelle-semi-long-robe-de-sortie-decontracte-marie-m-126961.jpg\",\"datePublished\":\"2023-07-20T21:15:27+00:00\",\"dateModified\":\"2023-07-20T21:15:34+00:00\",\"breadcrumb\":{\"@id\":\"https:\\\/\\\/gismodigital.ca\\\/mariem\\\/product\\\/robe-elegante-en-dentelle-semi-long-robe-de-sortie-decontracte\\\/#breadcrumb\"},\"inLanguage\":\"en-US\",\"potentialAction\":[{\"@type\":\"ReadAction\",\"target\":[\"https:\\\/\\\/gismodigital.ca\\\/mariem\\\/product\\\/robe-elegante-en-dentelle-semi-long-robe-de-sortie-decontracte\\\/\"]}]},{\"@type\":\"ImageObject\",\"inLanguage\":\"en-US\",\"@id\":\"https:\\\/\\\/gismodigital.ca\\\/mariem\\\/product\\\/robe-elegante-en-dentelle-semi-long-robe-de-sortie-decontracte\\\/#primaryimage\",\"url\":\"https:\\\/\\\/gismodigital.ca\\\/mariem\\\/wp-content\\\/uploads\\\/2023\\\/07\\\/robe-elegante-en-dentelle-semi-long-robe-de-sortie-decontracte-marie-m-126961.jpg\",\"contentUrl\":\"https:\\\/\\\/gismodigital.ca\\\/mariem\\\/wp-content\\\/uploads\\\/2023\\\/07\\\/robe-elegante-en-dentelle-semi-long-robe-de-sortie-decontracte-marie-m-126961.jpg\",\"width\":800,\"height\":800,\"caption\":\"Robe \u00e9l\u00e9gante en dentelle, s\u00e9mi-long robe de sortie d\u00e9contract\u00e9 Marie & M\"},{\"@type\":\"BreadcrumbList\",\"@id\":\"https:\\\/\\\/gismodigital.ca\\\/mariem\\\/product\\\/robe-elegante-en-dentelle-semi-long-robe-de-sortie-decontracte\\\/#breadcrumb\",\"itemListElement\":[{\"@type\":\"ListItem\",\"position\":1,\"name\":\"Home\",\"item\":\"https:\\\/\\\/gismodigital.ca\\\/mariem\\\/\"},{\"@type\":\"ListItem\",\"position\":2,\"name\":\"Boutique\",\"item\":\"https:\\\/\\\/gismodigital.ca\\\/mariem\\\/boutique\\\/\"},{\"@type\":\"ListItem\",\"position\":3,\"name\":\"Robe \u00e9l\u00e9gante en dentelle, s\u00e9mi-long robe de sortie d\u00e9contract\u00e9\"}]},{\"@type\":\"WebSite\",\"@id\":\"https:\\\/\\\/gismodigital.ca\\\/mariem\\\/#website\",\"url\":\"https:\\\/\\\/gismodigital.ca\\\/mariem\\\/\",\"name\":\"Marie&amp;M\",\"description\":\"Marie&amp;M\",\"potentialAction\":[{\"@type\":\"SearchAction\",\"target\":{\"@type\":\"EntryPoint\",\"urlTemplate\":\"https:\\\/\\\/gismodigital.ca\\\/mariem\\\/?s={search_term_string}\"},\"query-input\":{\"@type\":\"PropertyValueSpecification\",\"valueRequired\":true,\"valueName\":\"search_term_string\"}}],\"inLanguage\":\"en-US\"}]}<\/script>\n<!-- \/ Yoast SEO plugin. -->","yoast_head_json":{"title":"Robe \u00e9l\u00e9gante en dentelle, s\u00e9mi-long robe de sortie d\u00e9contract\u00e9 - Marie&amp;M","robots":{"index":"index","follow":"follow","max-snippet":"max-snippet:-1","max-image-preview":"max-image-preview:large","max-video-preview":"max-video-preview:-1"},"canonical":"https:\/\/gismodigital.ca\/mariem\/product\/robe-elegante-en-dentelle-semi-long-robe-de-sortie-decontracte\/","og_locale":"en_US","og_type":"article","og_title":"Robe \u00e9l\u00e9gante en dentelle, s\u00e9mi-long robe de sortie d\u00e9contract\u00e9 - Marie&amp;M","og_description":"Color Show Model Show","og_url":"https:\/\/gismodigital.ca\/mariem\/product\/robe-elegante-en-dentelle-semi-long-robe-de-sortie-decontracte\/","og_site_name":"Marie&amp;M","article_modified_time":"2023-07-20T21:15:34+00:00","og_image":[{"url":"https:\/\/ae01.alicdn.com\/kf\/Seb85290b5128426ebaa945d6507c6f406.jpg?width=926&amp;height=584&amp;hash=1510","type":"","width":"","height":""}],"twitter_card":"summary_large_image","schema":{"@context":"https:\/\/schema.org","@graph":[{"@type":"WebPage","@id":"https:\/\/gismodigital.ca\/mariem\/product\/robe-elegante-en-dentelle-semi-long-robe-de-sortie-decontracte\/","url":"https:\/\/gismodigital.ca\/mariem\/product\/robe-elegante-en-dentelle-semi-long-robe-de-sortie-decontracte\/","name":"Robe \u00e9l\u00e9gante en dentelle, s\u00e9mi-long robe de sortie d\u00e9contract\u00e9 - Marie&amp;M","isPartOf":{"@id":"https:\/\/gismodigital.ca\/mariem\/#website"},"primaryImageOfPage":{"@id":"https:\/\/gismodigital.ca\/mariem\/product\/robe-elegante-en-dentelle-semi-long-robe-de-sortie-decontracte\/#primaryimage"},"image":{"@id":"https:\/\/gismodigital.ca\/mariem\/product\/robe-elegante-en-dentelle-semi-long-robe-de-sortie-decontracte\/#primaryimage"},"thumbnailUrl":"https:\/\/gismodigital.ca\/mariem\/wp-content\/uploads\/2023\/07\/robe-elegante-en-dentelle-semi-long-robe-de-sortie-decontracte-marie-m-126961.jpg","datePublished":"2023-07-20T21:15:27+00:00","dateModified":"2023-07-20T21:15:34+00:00","breadcrumb":{"@id":"https:\/\/gismodigital.ca\/mariem\/product\/robe-elegante-en-dentelle-semi-long-robe-de-sortie-decontracte\/#breadcrumb"},"inLanguage":"en-US","potentialAction":[{"@type":"ReadAction","target":["https:\/\/gismodigital.ca\/mariem\/product\/robe-elegante-en-dentelle-semi-long-robe-de-sortie-decontracte\/"]}]},{"@type":"ImageObject","inLanguage":"en-US","@id":"https:\/\/gismodigital.ca\/mariem\/product\/robe-elegante-en-dentelle-semi-long-robe-de-sortie-decontracte\/#primaryimage","url":"https:\/\/gismodigital.ca\/mariem\/wp-content\/uploads\/2023\/07\/robe-elegante-en-dentelle-semi-long-robe-de-sortie-decontracte-marie-m-126961.jpg","contentUrl":"https:\/\/gismodigital.ca\/mariem\/wp-content\/uploads\/2023\/07\/robe-elegante-en-dentelle-semi-long-robe-de-sortie-decontracte-marie-m-126961.jpg","width":800,"height":800,"caption":"Robe \u00e9l\u00e9gante en dentelle, s\u00e9mi-long robe de sortie d\u00e9contract\u00e9 Marie & M"},{"@type":"BreadcrumbList","@id":"https:\/\/gismodigital.ca\/mariem\/product\/robe-elegante-en-dentelle-semi-long-robe-de-sortie-decontracte\/#breadcrumb","itemListElement":[{"@type":"ListItem","position":1,"name":"Home","item":"https:\/\/gismodigital.ca\/mariem\/"},{"@type":"ListItem","position":2,"name":"Boutique","item":"https:\/\/gismodigital.ca\/mariem\/boutique\/"},{"@type":"ListItem","position":3,"name":"Robe \u00e9l\u00e9gante en dentelle, s\u00e9mi-long robe de sortie d\u00e9contract\u00e9"}]},{"@type":"WebSite","@id":"https:\/\/gismodigital.ca\/mariem\/#website","url":"https:\/\/gismodigital.ca\/mariem\/","name":"Marie&amp;M","description":"Marie&amp;M","potentialAction":[{"@type":"SearchAction","target":{"@type":"EntryPoint","urlTemplate":"https:\/\/gismodigital.ca\/mariem\/?s={search_term_string}"},"query-input":{"@type":"PropertyValueSpecification","valueRequired":true,"valueName":"search_term_string"}}],"inLanguage":"en-US"}]}},"jetpack_sharing_enabled":true,"_links":{"self":[{"href":"https:\/\/gismodigital.ca\/mariem\/wp-json\/wp\/v2\/product\/5015","targetHints":{"allow":["GET"]}}],"collection":[{"href":"https:\/\/gismodigital.ca\/mariem\/wp-json\/wp\/v2\/product"}],"about":[{"href":"https:\/\/gismodigital.ca\/mariem\/wp-json\/wp\/v2\/types\/product"}],"replies":[{"embeddable":true,"href":"https:\/\/gismodigital.ca\/mariem\/wp-json\/wp\/v2\/comments?post=5015"}],"wp:featuredmedia":[{"embeddable":true,"href":"https:\/\/gismodigital.ca\/mariem\/wp-json\/wp\/v2\/media\/5927"}],"wp:attachment":[{"href":"https:\/\/gismodigital.ca\/mariem\/wp-json\/wp\/v2\/media?parent=5015"}],"wp:term":[{"taxonomy":"product_brand","embeddable":true,"href":"https:\/\/gismodigital.ca\/mariem\/wp-json\/wp\/v2\/product_brand?post=5015"},{"taxonomy":"product_cat","embeddable":true,"href":"https:\/\/gismodigital.ca\/mariem\/wp-json\/wp\/v2\/product_cat?post=5015"},{"taxonomy":"product_tag","embeddable":true,"href":"https:\/\/gismodigital.ca\/mariem\/wp-json\/wp\/v2\/product_tag?post=5015"}],"curies":[{"name":"wp","href":"https:\/\/api.w.org\/{rel}","templated":true}]}}